{"id":854,"date":"2018-07-26T13:56:03","date_gmt":"2018-07-26T11:56:03","guid":{"rendered":"http:\/\/www.gebirgsverein-services.at\/gruppen\/?page_id=854"},"modified":"2018-08-23T10:15:35","modified_gmt":"2018-08-23T08:15:35","slug":"familiengruppe-termine","status":"publish","type":"page","link":"https:\/\/www.gebirgsverein-services.at\/gruppen\/jugend-und-familiengruppen\/familiegruppe-gebirgsverein\/familiengruppe-termine\/","title":{"rendered":"Termine"},"content":{"rendered":"<h3><strong>Familiengruppe<\/strong><\/h3>\n<p>Das haben wir vor im Herbst:<\/p>\n<h6>letzte Ferienwoche &#8211;\u00a024.8.-2.9.18 Hausfloss und Paddeln auf der BIEBRZA\/Polen<\/h6>\n<p>Die Biebrza ist der letzte unverbaute Fluss Europas und wird als Europ\u00e4ischer Amazonas bezeichnet! Per Floss und Kajaks werden wir dieses einzigartige Naturparadies erkunden.<\/p>\n<p>Anreise Fr\/Sa mit Zug: Nachtzug (Warschau) und weiter per Zug nach Bialystok und weiter an die Biebrza: Wir sind 3 Tage per Floss unterwegs. Flosse haben Platz f\u00fcr 4-6 Personen und werden mit Stakstangen vorw\u00e4rts bewegt &#8211; geschlafen wird dort wo&#8217;s uns gef\u00e4llt. Dann\u00a0steigen wir um auf 2-er Kanus &#8211; N\u00e4chtigung auf einfachen Biwak- oder Campingpl\u00e4tzen<\/p>\n<p>Kosten f\u00fcr\u00a0Flosse, Boote, Material, Zeltpl\u00e4tze, Nationalparkgeb\u00fchr, Organisation, An-\/Abreise &#8211; ca. 350,-\/400,- \u20ac<\/p>\n<p>&nbsp;<\/p>\n<h5>Und hier die Vorschau auf Herbst:<\/h5>\n<p>&nbsp;<\/p>\n<div><strong>8. September 2018<\/strong><\/div>\n<div>Geschriebenstein-Roas &#8211; in knapp 56 km rund um den Geschriebenstein &#8230; ein Klax f\u00fcr Mitglieder der legendary Familiengruppa die einfach nur mal kurz vor die H\u00fctte gehen\u00a0\ud83d\ude09<\/div>\n<div>Roland, Sabine und die Hoffmann-Buam sind mit dabei &#8211; wer mag noch?<\/div>\n<div><a href=\"https:\/\/deref-web-02.de\/mail\/client\/YEBCYgEUUNg\/dereferrer\/?redirectUrl=http%3A%2F%2Fwww.naturpark-geschriebenstein.at%2Faktuelles-events%2Faktuelles.html\" target=\"_blank\" rel=\"noopener\">http:\/\/www.naturpark-geschriebenstein.at\/aktuelles-events\/aktuelles.html<\/a><\/div>\n<div><\/div>\n<div><strong>29.\/30. September 2018<\/strong><\/div>\n<div>Ennstaler Alpen: Gro\u00dfreifling\/Erb \u2013 Ennstaler H\u00fctte \u2013 Tamischbachturm \u2013 H\u00f6henweg &#8211; ev. Tieflimauer &#8211; ev. Kleiner Buchstein \u2013 M\u00fchlbachgraben<\/div>\n<div>N\u00e4chtigung Ennstaler H\u00fctte: es gibt\u00a0 auch 3 vegetarische Gerichte und die H\u00fcttenruhe wird mit 22:00 NICHT eingehalten, wurde mir erkl\u00e4rt (&#8211;&gt; klassische steirische H\u00fctte!, bin neugierig ob das Nichtraucherkammerl eh ungeheizt ist), daf\u00fcr m\u00fcssen aber H\u00fcttenschlafsack und AV-Ausweis unbedingt sein &#8230; da sieht man wo die Priorit\u00e4ten liegen.<\/div>\n<div><\/div>\n<div><strong>26.-28. Oktober 2018 (Nationalfeiertag)<\/strong><\/div>\n<div>Sonnleitnerh\u00fctte (Selbstversorgerh\u00fctte) in der Gaal<\/div>\n<div>Touren in den Seckauer Alpen und f\u00fcr Leute, die das H\u00fcttenleben &amp; Chillen lieben (ACHTUNG: kein free-WIFI auf der H\u00fctte)<\/div>\n<div>Gemeinsames Abendessen kochen &#8230; yummy!<\/div>\n<div><\/div>\n<div><strong>18. November 2018<\/strong><\/div>\n<div>Wanderung im Wechselgebiet &#8211; Schwaigen-Schreiten wie wir&#8217;s lieben, leider ist die Almsaison schon seit 2 Monaten vorbei<\/div>\n<div><\/div>\n<div><strong>16. Dezember 2018<\/strong><\/div>\n<div>Auf vielfachen Wunsch: stimmungsvolle vorweihnachtliche Wanderung<\/div>\n<div><\/div>\n<div>Bitte um Anmeldungen &#8211; besonders f\u00fcr die langen Wochenenden (zwecks Reservierung)<\/div>\n<p>Familiengruppe Gebirgsverein<\/p>\n<p>Tel.:\u00a001\/600\u00a090\u00a041 (abebds) oder 0681 207 258 46 (Sabine)<br \/>\nMail:\u00a0<a>familiengruppe@gebirgsverein.at<\/a><\/p>\n<p><strong>\u00a0<\/strong><br \/>\n<strong>jeden Donnerstag\u00a0treffen wir uns zum Klettern in der Gebirgsverein-Kletterhalle<\/strong><\/p>\n","protected":false},"excerpt":{"rendered":"<p>Familiengruppe Das haben wir vor im Herbst: letzte Ferienwoche &#8211;\u00a024.8.-2.9.18 Hausfloss und Paddeln auf der BIEBRZA\/Polen Die Biebrza ist der letzte unverbaute Fluss Europas und wird als Europ\u00e4ischer Amazonas bezeichnet! Per Floss und Kajaks werden wir dieses einzigartige Naturparadies erkunden. Anreise Fr\/Sa mit Zug: Nachtzug (Warschau) und weiter per Zug nach Bialystok und weiter an [&hellip;]<\/p>\n","protected":false},"author":16,"featured_media":97,"parent":96,"menu_order":0,"comment_status":"closed","ping_status":"closed","template":"","meta":{"_acf_changed":false,"ngg_post_thumbnail":0,"footnotes":""},"class_list":["post-854","page","type-page","status-publish","has-post-thumbnail","czr-hentry"],"acf":[],"amp_enabled":true,"_links":{"self":[{"href":"https:\/\/www.gebirgsverein-services.at\/gruppen\/wp-json\/wp\/v2\/pages\/854","targetHints":{"allow":["GET"]}}],"collection":[{"href":"https:\/\/www.gebirgsverein-services.at\/gruppen\/wp-json\/wp\/v2\/pages"}],"about":[{"href":"https:\/\/www.gebirgsverein-services.at\/gruppen\/wp-json\/wp\/v2\/types\/page"}],"author":[{"embeddable":true,"href":"https:\/\/www.gebirgsverein-services.at\/gruppen\/wp-json\/wp\/v2\/users\/16"}],"replies":[{"embeddable":true,"href":"https:\/\/www.gebirgsverein-services.at\/gruppen\/wp-json\/wp\/v2\/comments?post=854"}],"version-history":[{"count":0,"href":"https:\/\/www.gebirgsverein-services.at\/gruppen\/wp-json\/wp\/v2\/pages\/854\/revisions"}],"up":[{"embeddable":true,"href":"https:\/\/www.gebirgsverein-services.at\/gruppen\/wp-json\/wp\/v2\/pages\/96"}],"wp:featuredmedia":[{"embeddable":true,"href":"https:\/\/www.gebirgsverein-services.at\/gruppen\/wp-json\/wp\/v2\/media\/97"}],"wp:attachment":[{"href":"https:\/\/www.gebirgsverein-services.at\/gruppen\/wp-json\/wp\/v2\/media?parent=854"}],"curies":[{"name":"wp","href":"https:\/\/api.w.org\/{rel}","templated":true}]}}