{"id":247,"date":"2017-03-28T11:38:42","date_gmt":"2017-03-28T09:38:42","guid":{"rendered":"http:\/\/www.gebirgsverein-services.at\/gruppen\/?page_id=247"},"modified":"2018-10-24T17:52:27","modified_gmt":"2018-10-24T15:52:27","slug":"ober-grafendorf","status":"publish","type":"page","link":"https:\/\/www.gebirgsverein-services.at\/gruppen\/ortsgruppen\/ober-grafendorf\/","title":{"rendered":"Ober-Grafendorf \/ Mank"},"content":{"rendered":"<h3>Aktivit\u00e4ten<\/h3>\n<p>Die Ortsgruppe Ober-Grafendorf veranstaltet sommers wie winters gef\u00fchrte Bergtouren, die f\u00fcr die Teilnehmer meist kostenlos sind.<br \/>\nVon der Skitour auf die Tonion \u00fcber Blumenwanderungen bis zur Wochentour in den Tauern wird alles angeboten.<\/p>\n<p>Eine Mitgliedschaft ist nicht zwingend notwendig, wird aber alleine schon wegen der Bergekostenversicherung sehr empfohlen.<br \/>\nIn regelm\u00e4\u00dfigen Abst\u00e4nden (immer donnerstags) werden in Ober-Grafendorf und Mank Vereinsabende abgehalten, jeweils um 19:30 Uhr<\/p>\n<p>Im Juni findet auf der Julius-Seitner-H\u00fctte am Eisenstein traditionsgem\u00e4\u00df eine Sonnwendfeier statt.<br \/>\nAuf Wunsch wird das detaillierte Jahresprogramm mit allen Touren und Veranstaltungen zu Jahresbeginn zugeschickt.<br \/>\n&nbsp;<br \/>\n<strong>Was sonst noch zu sagen w\u00e4re:<\/strong><br \/>\n&nbsp;Die Anreise erfolgt bei allen Touren mit Privat &#8211; PKWs. Eine Anmeldung beim jeweiligen Organisator ist notwendig um Treffpunkt, Mitfahrm\u00f6glichkeiten bzw. Einkehrm\u00f6glichkeiten abstimmen zu k\u00f6nnen. Bitte meldet Euch immer rechtzeitig an, das erleichtert uns die Arbeit wesentlich.<br \/>\n&nbsp;<br \/>\nDie Ortsgruppe bzw. die Organisatoren haften nicht f\u00fcr eventuelle Unf\u00e4lle oder Sch\u00e4den. Dieses Risiko tr\u00e4gt jeder Teilnehmer an Veranstaltungen oder Touren selbst. Wichtiger Hinweis: Unsere Organisatoren begleiten die Teilnehmer einer Tour, es handelt sich jedoch um keine F\u00fchrungstouren. Jeder Teilnehmer bzw. jede Seilschaft handelt selbst\u00e4ndig und in Eigenverantwortung. Die Teilnahme ist, abgesehen von eventuellen Fahrtkosten oder Eintrittsgeldern, immer kostenlos.<br \/>\n&nbsp;<br \/>\nWir verweisen in diesem Zusammenhang darauf, dass der \u00d6AV &#8211; Mitgliedsbeitrag eine Bergungs-, R\u00fcckhol-, Haftpflicht- und Rechtsschutzversicherung beinhaltet.<\/p>\n<p>&nbsp;Achtung: Der Versicherungsschutz besteht nur f\u00fcr Mitglieder die ihren Mitgliedsbeitrag bereits eingezahlt haben.<\/p>\n<p>&nbsp;<br \/>\n&nbsp;<br \/>\nAktuelle Informationen \u00fcber Veranstaltungen, Termin\u00e4nderungen etc. erfahren Sie in den Schauk\u00e4sten am Hauptplatz in Ober-Grafendorf und beim Gasthaus Riedl-Sch\u00f6ner in Mank.<\/p>\n","protected":false},"excerpt":{"rendered":"<p>Aktivit\u00e4ten Die Ortsgruppe Ober-Grafendorf veranstaltet sommers wie winters gef\u00fchrte Bergtouren, die f\u00fcr die Teilnehmer meist kostenlos sind. Von der Skitour auf die Tonion \u00fcber Blumenwanderungen bis zur Wochentour in den Tauern wird alles angeboten. Eine Mitgliedschaft ist nicht zwingend notwendig, wird aber alleine schon wegen der Bergekostenversicherung sehr empfohlen. In regelm\u00e4\u00dfigen Abst\u00e4nden (immer donnerstags) werden [&hellip;]<\/p>\n","protected":false},"author":24,"featured_media":797,"parent":2,"menu_order":0,"comment_status":"closed","ping_status":"closed","template":"","meta":{"_acf_changed":false,"ngg_post_thumbnail":0,"footnotes":""},"class_list":["post-247","page","type-page","status-publish","has-post-thumbnail","czr-hentry"],"acf":[],"amp_enabled":true,"_links":{"self":[{"href":"https:\/\/www.gebirgsverein-services.at\/gruppen\/wp-json\/wp\/v2\/pages\/247","targetHints":{"allow":["GET"]}}],"collection":[{"href":"https:\/\/www.gebirgsverein-services.at\/gruppen\/wp-json\/wp\/v2\/pages"}],"about":[{"href":"https:\/\/www.gebirgsverein-services.at\/gruppen\/wp-json\/wp\/v2\/types\/page"}],"author":[{"embeddable":true,"href":"https:\/\/www.gebirgsverein-services.at\/gruppen\/wp-json\/wp\/v2\/users\/24"}],"replies":[{"embeddable":true,"href":"https:\/\/www.gebirgsverein-services.at\/gruppen\/wp-json\/wp\/v2\/comments?post=247"}],"version-history":[{"count":0,"href":"https:\/\/www.gebirgsverein-services.at\/gruppen\/wp-json\/wp\/v2\/pages\/247\/revisions"}],"up":[{"embeddable":true,"href":"https:\/\/www.gebirgsverein-services.at\/gruppen\/wp-json\/wp\/v2\/pages\/2"}],"wp:featuredmedia":[{"embeddable":true,"href":"https:\/\/www.gebirgsverein-services.at\/gruppen\/wp-json\/wp\/v2\/media\/797"}],"wp:attachment":[{"href":"https:\/\/www.gebirgsverein-services.at\/gruppen\/wp-json\/wp\/v2\/media?parent=247"}],"curies":[{"name":"wp","href":"https:\/\/api.w.org\/{rel}","templated":true}]}}