{"id":22043,"date":"2026-01-29T16:41:13","date_gmt":"2026-01-29T15:41:13","guid":{"rendered":"https:\/\/www.gebirgsverein-services.at\/gruppen\/?page_id=22043"},"modified":"2026-03-05T13:39:40","modified_gmt":"2026-03-05T12:39:40","slug":"blinde-und-sehschwache","status":"publish","type":"page","link":"https:\/\/www.gebirgsverein-services.at\/gruppen\/fachgruppen\/blinde-und-sehschwache\/","title":{"rendered":"Wandern mit blinden und sehschwachen Menschen"},"content":{"rendered":"<p><img decoding=\"async\" class=\"aligncenter wp-image-22191 size-full lazyload\" data-src=\"http:\/\/www.gebirgsverein-services.at\/gruppen\/wp-content\/uploads\/2026\/01\/BS-Logo_500.jpg\" alt=\"Das Logo der Wandergruppe BS-Gebirgsverein (Alpenverein Gebirgsverein)\" width=\"500\" height=\"405\" data-srcset=\"https:\/\/www.gebirgsverein-services.at\/gruppen\/wp-content\/uploads\/2026\/01\/BS-Logo_500.jpg 500w, https:\/\/www.gebirgsverein-services.at\/gruppen\/wp-content\/uploads\/2026\/01\/BS-Logo_500-300x243.jpg 300w\" data-sizes=\"(max-width: 500px) 100vw, 500px\" src=\"data:image\/svg+xml;base64,PHN2ZyB3aWR0aD0iMSIgaGVpZ2h0PSIxIiB4bWxucz0iaHR0cDovL3d3dy53My5vcmcvMjAwMC9zdmciPjwvc3ZnPg==\" style=\"--smush-placeholder-width: 500px; --smush-placeholder-aspect-ratio: 500\/405;\" \/><\/p>\n<p>&nbsp;<\/p>\n<p style=\"text-align: center;\"><span style=\"color: #008000;\">&nbsp;<strong>\u201eWir m\u00f6chten jenen Menschen, die das Naturerlebnis suchen, ein solches erm\u00f6glichen \u2013<\/strong><\/span><br \/>\n<span style=\"color: #008000;\"><strong>ganz unabh\u00e4ngig davon, ob sie selbst mobil oder auf Unterst\u00fctzung angewiesen sind.<\/strong><\/span><br \/>\n<span style=\"color: #008000;\"><strong>Der Alpenverein zieht hier keine Grenzen, sondern setzt sich schon seit vielen Jahren<\/strong><\/span><br \/>\n<span style=\"color: #008000;\"><strong>f\u00fcr eine inklusive Gesellschaft ein.\u201c<\/strong><\/span><\/p>\n<p style=\"text-align: center;\"><span style=\"color: #008000;\"><em>Dr. Andreas Ermacora, ehemaliger Pr\u00e4sident des \u00d6sterreichischen Alpenvereins<\/em><\/span><\/p>\n<h2 style=\"text-align: center;\">* * *<\/h2>\n<p><strong>Sch\u00f6n, dass Du Dich f\u00fcr uns interessierst! <\/strong><\/p>\n<p>Wir haben diese Alpenverein Gebirgsverein-Fachgruppe im Herbst 2023 gegr\u00fcndet, um Menschen mit Sehbeeintr\u00e4chtigung das gemeinsame Wandern in der Natur zu erm\u00f6glichen.<\/p>\n<p><strong>&gt;&gt;&gt; Hier kannst Du Geschichten von unseren vergangenen Wanderungen lesen:<\/strong><br \/>\n<a href=\"https:\/\/www.gebirgsverein-services.at\/gruppen\/fachgruppen\/blinde-und-sehschwache\/wandererinnerungen\/\">https:\/\/www.gebirgsverein-services.at\/gruppen\/fachgruppen\/blinde-und-sehschwache\/wandererinnerungen\/<\/a><\/p>\n<h4><strong>Solltest Du mit uns wandern gehen wollen, musst Du Dich zuerst bei&nbsp;<\/strong><strong>der <a href=\"mailto:robert.tryner@gebirgsverein.at\">Gruppenleitung<\/a>&nbsp;mit folgenden Daten anmelden:<\/strong><\/h4>\n<ol>\n<li>Vorname:<\/li>\n<li>Familienname:<\/li>\n<li>Mitgliedsnummer:<\/li>\n<li>Mobil-Telefonnummer:<\/li>\n<li>E-Mail-Adresse:<\/li>\n<li>Blind\/sehbehindert\/Begleiter:\n<ul>\n<li>ich bin blind<\/li>\n<li>ich bin sehbehindert<\/li>\n<li>m\u00f6chte als Begleiter mitmachen:<\/li>\n<\/ul>\n<\/li>\n<li>Mitglied beim Alpenverein-Gebirgsverein:<strong><br \/>\n<\/strong>Wenn Du beim Alpenverein bist <em>und nicht beim Gebirgsverein<\/em>, musst Du Deine Mitgliedschaft zum Gebirgsverein \u00e4ndern. (Und zwar deshalb, weil die Gruppe f\u00fcr Blinde und Sehschwache eine <a href=\"https:\/\/www.gebirgsverein-services.at\/gruppen\/fachgruppen\/\">Fachgruppe<\/a> ist). Erst dann kannst Du Dich f\u00fcr eine Wanderung anmelden. Bitte schreib auch dazu, ob wir f\u00fcr Dich eine Begleitung bereitstellen sollen.<\/li>\n<\/ol>\n<ul>\n<li>Unbedingt notwendig ist eine Mitgliedschaft beim <strong>Alpenverein-Gebirgsverein<\/strong> (g\u00fcltiger Vereinsausweis), auch um ausreichend versichert zu sein.\n<ul>\n<li>Diese Anmeldung beim <strong>Alpenverein Gebirgsverein<\/strong> ist am einfachsten in der Gesch\u00e4ftsstelle des Gebirgsvereins zu machen. Auch Informationen zur Mitgliedschaft erh\u00e4ltst Du hier.<\/li>\n<li>Die Adresse ist: 1080 Wien, Lerchenfelder Stra\u00dfe 28,<br \/>\nTelefon: +43 (1) 405 26 57.<\/li>\n<li>Du brauchst dazu auch Deinen Blindenausweis, damit Du nur den reduzierten Mitgliedsbeitrag bezahlen musst.<\/li>\n<\/ul>\n<\/li>\n<li><strong>Anmeldung ist auch Online m\u00f6glich: <\/strong><a href=\"http:\/\/www.mitgliedwerden.at\/\"><strong>mitgliedwerden.at<\/strong><\/a><\/li>\n<\/ul>\n<p>Deinen Blindenausweis (f\u00fcr Begleiter: die Akkreditierung) m\u00fcsstest Du scannen und extra mit E-Mail an <a href=\"mailto:robert.tryner@gebirgsverein.at\">Akkreditierung<\/a> senden.<\/p>\n<ul>\n<li>Solltest Du eine eigene Begleitung haben, gilt f\u00fcr diese Begleitung dasselbe wie f\u00fcr Dich. Sie ben\u00f6tigt zus\u00e4tzlich eine Akkreditierung, die von einer zeichnungsberechtigten Person ausgestellt wurde (Akkreditierung). Bei Bedarf k\u00f6nnen wir auch Begleitung zur Verf\u00fcgung stellen, damit Du sicher unterwegs bist.<\/li>\n<\/ul>\n<ul>\n<li>Bei einer einmaligen Schnupperwanderung musst Du noch nicht beim Alpenverein angemeldet sein. Du kannst es Dir anschlie\u00dfend \u00fcberlegen, ob Du Dich anmelden willst. F\u00fcr die Schnupperwanderung m\u00fcssen wir f\u00fcr Dich eine 1-2 Tage Versicherung abschlie\u00dfen. Diese Schnupperwanderung muss auch an Alpenverein Gebirgsverein, Servicestelle gemeldet werden!<\/li>\n<\/ul>\n<h4><strong>Information zu den Wanderungen<\/strong><\/h4>\n<p><a href=\"https:\/\/www.alpenverein.at\/gebirgsverein\/touren\/bs-wanderungen.php\">https:\/\/www.alpenverein.at\/gebirgsverein\/touren\/bs-wanderungen.php<\/a><\/p>\n<p>Unsere Wanderungen finden immer am 1. Samstag des Monats statt (Verschiebungen sind aber m\u00f6glich). F\u00fcr die jeweils n\u00e4chste Wanderung wird eine Touren-Beschreibung mit E-Mail (PDF-Datei) versandt, die alle Informationen zur Wanderung enth\u00e4lt.<\/p>\n<p>Zu jeder Wanderung muss man sich anmelden bzw. auch abmelden, wenn man bereits angemeldet war und verhindert ist.<\/p>\n<p><strong>An-\/Abmeldungen zur Wanderung bitte an: <\/strong><a href=\"mailto:ursula.habinger@gebirgsverein.at\">Uschi<\/a><\/p>\n<p><strong>Anmeldeschluss:<\/strong> 2 Wochen vor der Wanderung oder wenn das Limit von 10 blinden und sehschwachen Personen erreicht ist.<\/p>\n<p>Jedem BS-Wanderer werden sehende Begleiter*innen zur Seite gestellt, wenn kein eigener Begleiter vorhanden ist (bitte bei der Anmeldung angeben).<\/p>\n<p>Bei den Wanderungen auf feste Wanderschuhe, wetterfeste Kleidung achten! Gasth\u00e4user sind nicht immer verf\u00fcgbar, bitte immer Proviant und Getr\u00e4nke mitnehmen!&nbsp;<\/p>\n<p>Fahrtkosten sind von jedem Teilnehmer selbst zu tragen.<\/p>\n<p><strong>Ihr nehmt an einer begleiteten Wanderung teil, jeder Teilnehmer geht auf eigenes Risiko!<\/strong><\/p>\n<p>Auf fr\u00f6hliche Wanderungen freut sich das<br \/>\n<strong><em>BS-Team <\/em><\/strong>&nbsp;<\/p>\n<h4 style=\"text-align: center;\">ACHTUNG<\/h4>\n<p style=\"text-align: center;\">Bitte am Bahnhof oder beim Treffpunkt den wei\u00dfen Stock,<br \/>\noder eine Armschleife sichtbar mitf\u00fchren, damit sehbeeintr\u00e4chtigte<br \/>\nTeilnehmerinnen und Teilnehmer erkannt werden!<\/p>\n<p>&nbsp;<\/p>\n<div class=\"pt-cv-wrapper\"><div class=\"pt-cv-view pt-cv-grid pt-cv-colsys pt-cv-pgregular pt-cv-sharp-buttons\" id=\"pt-cv-view-1688983vpe\"><div data-id=\"pt-cv-page-1\" class=\"pt-cv-page cv-npf\" data-cvc=\"2\"><div class=\"col-md-6 col-sm-6 col-xs-12 pt-cv-content-item pt-cv-1-col\"  data-pid=\"0\"><div class='pt-cv-ifield'><div class=\"pt-cv-no-post\">Es wurden keine Beitr\u00e4ge gefunden.<\/div><\/div><\/div><\/div><\/div><\/div>\t\t\t<style type=\"text\/css\" id=\"pt-cv-inline-style-9f524b07wg\">#pt-cv-view-1688983vpe.pt-cv-post-border .pt-cv-content-item   { border-top-style: solid; border-left-style: solid; }\n#pt-cv-view-1688983vpe .pt-cv-title a, #pt-cv-view-1688983vpe  .panel-title { font-weight: 600 !important; }\n#pt-cv-view-1688983vpe  .pt-cv-content-item:hover .pt-cv-hover-wrapper::before   { background-color: rgba(51,51,51,.6) !important; }\n#pt-cv-view-1688983vpe:not(.pt-cv-nohover) .pt-cv-mask *   { color: #fff; }\n#pt-cv-view-1688983vpe .pt-cv-carousel-caption  { background-color: rgba(51,51,51,.6) !important; }\n#pt-cv-view-1688983vpe .pt-cv-specialp * { color: #fff !important; background-color: #CC3333 !important; }\n#pt-cv-view-1688983vpe .pt-cv-pficon  { color: #bbb !important; }\n#pt-cv-view-1688983vpe  .add_to_cart_button, #pt-cv-view-1688983vpe  .add_to_cart_button *   { color: #ffffff !important; background-color: #00aeef !important; }\n#pt-cv-view-1688983vpe  .woocommerce-onsale   { color: #ffffff !important; background-color: #ff5a5f !important; }\n#pt-cv-view-1688983vpe .pt-cv-readmore  { color: #ffffff !important; background-color: #00aeef !important; }\n#pt-cv-view-1688983vpe .pt-cv-readmore:hover  { color: #ffffff !important; background-color: #00aeef !important; }\n#pt-cv-view-1688983vpe  + .pt-cv-pagination-wrapper .pt-cv-more , #pt-cv-view-1688983vpe  + .pt-cv-pagination-wrapper .pagination .active a { color: #ffffff !important; background-color: #00aeef !important; }\n[id^='pt-cv-filter-bar-1688983vpe'] .active.pt-cv-filter-option, [id^='pt-cv-filter-bar-1688983vpe'] .active .pt-cv-filter-option, [id^='pt-cv-filter-bar-1688983vpe'] .selected.pt-cv-filter-option, [id^='pt-cv-filter-bar-1688983vpe'] .dropdown-toggle   { color: #fff !important; background-color: #00aeef !important; }\n[id^='pt-cv-filter-bar-1688983vpe'] .pt-cv-filter-title   { color: #fff !important; background-color: #00aeef !important; }\n#pt-cv-view-1688983vpe .pt-cv-gls-header  { background-color: #00aeef !important; }<\/style>\r\n\t\t\t\n","protected":false},"excerpt":{"rendered":"<p>&nbsp; &nbsp;\u201eWir m\u00f6chten jenen Menschen, die das Naturerlebnis suchen, ein solches erm\u00f6glichen \u2013 ganz unabh\u00e4ngig davon, ob sie selbst mobil oder auf Unterst\u00fctzung angewiesen sind. Der Alpenverein zieht hier keine Grenzen, sondern setzt sich schon seit vielen Jahren f\u00fcr eine inklusive Gesellschaft ein.\u201c Dr. Andreas Ermacora, ehemaliger Pr\u00e4sident des \u00d6sterreichischen Alpenvereins * * * Sch\u00f6n, [&hellip;]<\/p>\n","protected":false},"author":50,"featured_media":22541,"parent":60,"menu_order":0,"comment_status":"closed","ping_status":"closed","template":"","meta":{"_acf_changed":false,"ngg_post_thumbnail":0,"footnotes":""},"class_list":["post-22043","page","type-page","status-publish","has-post-thumbnail","czr-hentry"],"acf":[],"amp_enabled":false,"_links":{"self":[{"href":"https:\/\/www.gebirgsverein-services.at\/gruppen\/wp-json\/wp\/v2\/pages\/22043","targetHints":{"allow":["GET"]}}],"collection":[{"href":"https:\/\/www.gebirgsverein-services.at\/gruppen\/wp-json\/wp\/v2\/pages"}],"about":[{"href":"https:\/\/www.gebirgsverein-services.at\/gruppen\/wp-json\/wp\/v2\/types\/page"}],"author":[{"embeddable":true,"href":"https:\/\/www.gebirgsverein-services.at\/gruppen\/wp-json\/wp\/v2\/users\/50"}],"replies":[{"embeddable":true,"href":"https:\/\/www.gebirgsverein-services.at\/gruppen\/wp-json\/wp\/v2\/comments?post=22043"}],"version-history":[{"count":0,"href":"https:\/\/www.gebirgsverein-services.at\/gruppen\/wp-json\/wp\/v2\/pages\/22043\/revisions"}],"up":[{"embeddable":true,"href":"https:\/\/www.gebirgsverein-services.at\/gruppen\/wp-json\/wp\/v2\/pages\/60"}],"wp:featuredmedia":[{"embeddable":true,"href":"https:\/\/www.gebirgsverein-services.at\/gruppen\/wp-json\/wp\/v2\/media\/22541"}],"wp:attachment":[{"href":"https:\/\/www.gebirgsverein-services.at\/gruppen\/wp-json\/wp\/v2\/media?parent=22043"}],"curies":[{"name":"wp","href":"https:\/\/api.w.org\/{rel}","templated":true}]}}