{"id":11021,"date":"2021-04-06T11:44:34","date_gmt":"2021-04-06T09:44:34","guid":{"rendered":"http:\/\/www.gebirgsverein-services.at\/gruppen\/?page_id=11021"},"modified":"2021-08-17T12:20:58","modified_gmt":"2021-08-17T10:20:58","slug":"projekte","status":"publish","type":"page","link":"https:\/\/www.gebirgsverein-services.at\/gruppen\/fachgruppen\/naturschutzteam\/projekte\/","title":{"rendered":"Projekte"},"content":{"rendered":"<p>Trotz der Pandemie-Situation ist die Ideensammlung gut gef\u00fcllt &#8211; und einiges wird auch schon umgesetzt!<br \/>\nHier eine Auflistung unserer geplanten, aktuellen und bisherigen Projekten:<\/p>\n<h3>Aktuelle laufende Projekte:<\/h3>\n<ul>\n<li>Regelm\u00e4\u00dfige Versorgung des Gebirgsfreunds mit Artikeln\n<ul>\n<li>Aktuell: <a href=\"https:\/\/www.yumpu.com\/de\/document\/read\/65357226\/gebirgsfreund-nr-1-2021\/8\">Artikel zum Umweltg\u00fctesiegel in der Ausgabe 01\/21<\/a><\/li>\n<\/ul>\n<\/li>\n<li>Bespielen der Website und Social-Media-Kan\u00e4le mit Umwelt- und Naturschutzthemen\n<ul>\n<li>Beispiele:\n<ul>\n<li><a href=\"https:\/\/www.instagram.com\/p\/CMPhNTtqlcH\/\">Reparier deine Kleidung!<\/a><\/li>\n<li><a href=\"https:\/\/www.instagram.com\/p\/COxarYQqEEu\/\">Bergsport ist Motorsport<\/a><\/li>\n<li><a href=\"https:\/\/www.instagram.com\/p\/CNsG5fjKmdv\/\">Banane statt Landj\u00e4ger?<\/a><\/li>\n<li><a href=\"https:\/\/www.instagram.com\/p\/CLrd_DuD1J0\/\">Wintersport &amp; Wildtiere<\/a><\/li>\n<\/ul>\n<\/li>\n<\/ul>\n<\/li>\n<\/ul>\n<h3>Geplante Projekte:<\/h3>\n<ul>\n<li>Bergsport-Flohmarkt<\/li>\n<li>\u00d6ffentliche Anreise zu Gebirgsvereinsh\u00fctten f\u00f6rdern<\/li>\n<li>Ein Nachhaltigkeitskonzept f\u00fcr den Verein ausarbeiten &amp; umsetzen<\/li>\n<\/ul>\n<h3>Abgeschlossene Projekte<\/h3>\n<ul>\n<li>M\u00fcllsammel-Projekt im Zuge der Wiener Ehrenamtswoche\n<ul>\n<li><a href=\"https:\/\/www.instagram.com\/p\/CQvzurnKp_O\/\">Fotos<\/a><\/li>\n<li>Bericht Gebirgsfreund 03\/21<\/li>\n<\/ul>\n<\/li>\n<li>M\u00fcllsammel-Wanderung auf das Wetterkoglerhaus in Zusammenarbeit mit den Vereinen estutnichtweh &amp; worldtrash.foundation<\/li>\n<\/ul>\n","protected":false},"excerpt":{"rendered":"<p>Trotz der Pandemie-Situation ist die Ideensammlung gut gef\u00fcllt &#8211; und einiges wird auch schon umgesetzt! Hier eine Auflistung unserer geplanten, aktuellen und bisherigen Projekten: Aktuelle laufende Projekte: Regelm\u00e4\u00dfige Versorgung des Gebirgsfreunds mit Artikeln Aktuell: Artikel zum Umweltg\u00fctesiegel in der Ausgabe 01\/21 Bespielen der Website und Social-Media-Kan\u00e4le mit Umwelt- und Naturschutzthemen Beispiele: Reparier deine Kleidung! Bergsport [&hellip;]<\/p>\n","protected":false},"author":1,"featured_media":11882,"parent":11012,"menu_order":0,"comment_status":"closed","ping_status":"closed","template":"","meta":{"_acf_changed":false,"ngg_post_thumbnail":0,"footnotes":""},"class_list":["post-11021","page","type-page","status-publish","has-post-thumbnail","czr-hentry"],"acf":[],"amp_enabled":true,"_links":{"self":[{"href":"https:\/\/www.gebirgsverein-services.at\/gruppen\/wp-json\/wp\/v2\/pages\/11021","targetHints":{"allow":["GET"]}}],"collection":[{"href":"https:\/\/www.gebirgsverein-services.at\/gruppen\/wp-json\/wp\/v2\/pages"}],"about":[{"href":"https:\/\/www.gebirgsverein-services.at\/gruppen\/wp-json\/wp\/v2\/types\/page"}],"author":[{"embeddable":true,"href":"https:\/\/www.gebirgsverein-services.at\/gruppen\/wp-json\/wp\/v2\/users\/1"}],"replies":[{"embeddable":true,"href":"https:\/\/www.gebirgsverein-services.at\/gruppen\/wp-json\/wp\/v2\/comments?post=11021"}],"version-history":[{"count":0,"href":"https:\/\/www.gebirgsverein-services.at\/gruppen\/wp-json\/wp\/v2\/pages\/11021\/revisions"}],"up":[{"embeddable":true,"href":"https:\/\/www.gebirgsverein-services.at\/gruppen\/wp-json\/wp\/v2\/pages\/11012"}],"wp:featuredmedia":[{"embeddable":true,"href":"https:\/\/www.gebirgsverein-services.at\/gruppen\/wp-json\/wp\/v2\/media\/11882"}],"wp:attachment":[{"href":"https:\/\/www.gebirgsverein-services.at\/gruppen\/wp-json\/wp\/v2\/media?parent=11021"}],"curies":[{"name":"wp","href":"https:\/\/api.w.org\/{rel}","templated":true}]}}