{"id":1002,"date":"2018-09-27T16:08:37","date_gmt":"2018-09-27T14:08:37","guid":{"rendered":"http:\/\/www.gebirgsverein-services.at\/gruppen\/?page_id=1002"},"modified":"2020-05-14T18:24:11","modified_gmt":"2020-05-14T16:24:11","slug":"aktuell-st-poelten","status":"publish","type":"page","link":"https:\/\/www.gebirgsverein-services.at\/gruppen\/ortsgruppen\/st-poelten\/aktuell-st-poelten\/","title":{"rendered":"Aktuell St. P\u00f6lten"},"content":{"rendered":"<p align=\"center\">\n<p align=\"center\"><div class=\"pt-cv-wrapper\"><div class=\"pt-cv-view pt-cv-grid pt-cv-colsys pt-cv-pgloadmore pt-cv-sharp-buttons\" id=\"pt-cv-view-5d65becaym\"><div data-id=\"pt-cv-page-1\" class=\"pt-cv-page\" data-cvc=\"2\"><div class=\"col-md-6 col-sm-6 col-xs-12 pt-cv-content-item pt-cv-2-col\"  data-pid=\"7834\"><div class='pt-cv-ifield'><a href=\"https:\/\/www.gebirgsverein-services.at\/gruppen\/2020\/05\/14\/revisionsarbeiten-schutzhuette-tuernitzer-hoeger-2020\/\" class=\"_self pt-cv-href-thumbnail pt-cv-thumb-left cvplbd cvp-lazy-container cvp-responsive-image img-none\" target=\"_self\" ><img decoding=\"async\" width=\"300\" height=\"225\" src=\"https:\/\/www.gebirgsverein-services.at\/gruppen\/wp-content\/plugins\/pt-content-views-pro\/public\/assets\/images\/lazy_image.png\" class=\"pt-cv-thumbnail img-none pull-left no-lazy cvplazy\" alt=\"Revisionsarbeiten Schutzh\u00fctte T\u00fcrnitzer H\u00f6ger 2020\" data-no-lazy=\"1\" data-cvpsrc=\"https:\/\/www.gebirgsverein-services.at\/gruppen\/wp-content\/uploads\/2020\/05\/IMG-20200512-WA0016-300x225.jpg\" data-cvpset=\"https:\/\/www.gebirgsverein-services.at\/gruppen\/wp-content\/uploads\/2020\/05\/IMG-20200512-WA0016-300x225.jpg 300w, https:\/\/www.gebirgsverein-services.at\/gruppen\/wp-content\/uploads\/2020\/05\/IMG-20200512-WA0016-1024x768.jpg 1024w, https:\/\/www.gebirgsverein-services.at\/gruppen\/wp-content\/uploads\/2020\/05\/IMG-20200512-WA0016-768x576.jpg 768w, https:\/\/www.gebirgsverein-services.at\/gruppen\/wp-content\/uploads\/2020\/05\/IMG-20200512-WA0016-1536x1152.jpg 1536w, https:\/\/www.gebirgsverein-services.at\/gruppen\/wp-content\/uploads\/2020\/05\/IMG-20200512-WA0016-570x428.jpg 570w, https:\/\/www.gebirgsverein-services.at\/gruppen\/wp-content\/uploads\/2020\/05\/IMG-20200512-WA0016.jpg 1600w\" \/><\/a>\n<div class=\"pt-cv-colwrap\"><h4 class=\"pt-cv-title\"><a href=\"https:\/\/www.gebirgsverein-services.at\/gruppen\/2020\/05\/14\/revisionsarbeiten-schutzhuette-tuernitzer-hoeger-2020\/\" class=\"_self cvplbd\" target=\"_self\" >Revisionsarbeiten Schutzh\u00fctte T\u00fcrnitzer H\u00f6ger 2020<\/a><\/h4><div class=\"pt-cv-content\">Die Wandersaison 2020 steht vor der T\u00fcr und die Ortsgruppe St.P\u00f6lten hat sich bereits darauf vorbereitet. Mehrere Wartungsarbeiten wurden an der und rund um die H\u00fctte durchgef\u00fchrt. Zum Beispiel haben wir das komplette Schutzgel\u00e4nder erneuert und einige Sitzb\u00e4nke wieder auf Vordermann gebracht. Auch unser Wege-Team, unter der Leitung von Othmar<br \/><div class=\"pt-cv-rmwrap\"><a href=\"https:\/\/www.gebirgsverein-services.at\/gruppen\/2020\/05\/14\/revisionsarbeiten-schutzhuette-tuernitzer-hoeger-2020\/\" class=\"_self pt-cv-readmore btn btn-success cvplbd\" target=\"_self\">Weiterlesen \u2026<\/a><\/div><\/div><div class=\"pt-cv-social-buttons\"><a href=\"https:\/\/www.facebook.com\/sharer\/sharer.php?u=https:\/\/www.gebirgsverein-services.at\/gruppen\/2020\/05\/14\/revisionsarbeiten-schutzhuette-tuernitzer-hoeger-2020\/\" class=\"pt-cv-social-facebook\" target=\"_blank\"><\/a><a href=\"https:\/\/twitter.com\/intent\/tweet?url=https:\/\/www.gebirgsverein-services.at\/gruppen\/2020\/05\/14\/revisionsarbeiten-schutzhuette-tuernitzer-hoeger-2020\/&#038;text=Revisionsarbeiten+Schutzh%C3%BCtte+T%C3%BCrnitzer+H%C3%B6ger+2020\" class=\"pt-cv-social-twitter\" target=\"_blank\"><\/a><\/div><\/div><\/div><\/div>\n<div class=\"col-md-6 col-sm-6 col-xs-12 pt-cv-content-item pt-cv-2-col\"  data-pid=\"7667\"><div class='pt-cv-ifield'><a href=\"https:\/\/www.gebirgsverein-services.at\/gruppen\/2020\/05\/14\/huettenversorgung-am-09-05-2020\/\" class=\"_self pt-cv-href-thumbnail pt-cv-thumb-left cvplbd cvp-lazy-container cvp-responsive-image img-none\" target=\"_self\" ><img decoding=\"async\" width=\"300\" height=\"200\" src=\"https:\/\/www.gebirgsverein-services.at\/gruppen\/wp-content\/plugins\/pt-content-views-pro\/public\/assets\/images\/lazy_image.png\" class=\"pt-cv-thumbnail img-none pull-left no-lazy cvplazy\" alt=\"H\u00fcttenversorgung am 09.05.2020\" data-no-lazy=\"1\" data-cvpsrc=\"https:\/\/www.gebirgsverein-services.at\/gruppen\/wp-content\/uploads\/2020\/05\/IMG_6787-300x200.jpg\" data-cvpset=\"https:\/\/www.gebirgsverein-services.at\/gruppen\/wp-content\/uploads\/2020\/05\/IMG_6787-300x200.jpg 300w, https:\/\/www.gebirgsverein-services.at\/gruppen\/wp-content\/uploads\/2020\/05\/IMG_6787-1024x683.jpg 1024w, https:\/\/www.gebirgsverein-services.at\/gruppen\/wp-content\/uploads\/2020\/05\/IMG_6787-768x512.jpg 768w, https:\/\/www.gebirgsverein-services.at\/gruppen\/wp-content\/uploads\/2020\/05\/IMG_6787-1536x1024.jpg 1536w, https:\/\/www.gebirgsverein-services.at\/gruppen\/wp-content\/uploads\/2020\/05\/IMG_6787-2048x1365.jpg 2048w, https:\/\/www.gebirgsverein-services.at\/gruppen\/wp-content\/uploads\/2020\/05\/IMG_6787-570x380.jpg 570w\" \/><\/a>\n<div class=\"pt-cv-colwrap\"><h4 class=\"pt-cv-title\"><a href=\"https:\/\/www.gebirgsverein-services.at\/gruppen\/2020\/05\/14\/huettenversorgung-am-09-05-2020\/\" class=\"_self cvplbd\" target=\"_self\" >H\u00fcttenversorgung am 09.05.2020<\/a><\/h4><div class=\"pt-cv-content\">Der Gebirgsverein Ortsgruppe St.P\u00f6lten steht bereits in den Startl\u00f6chern f\u00fcr die Wandersaison 2020 und hat die Schutzh\u00fctte am T\u00fcrnitzer H\u00f6ger mittels Hubschraubertransportes mit Nahrungsmittel, Mineralwasser, Bier, Wein und was man sonst so alles braucht f\u00fcr eine Bewirtschaftung, versorgt. Insgesamt wurden am 09. Mai 3490 Kg G\u00fcter aufgeteilt auf 9 Flugetappen<br \/><div class=\"pt-cv-rmwrap\"><a href=\"https:\/\/www.gebirgsverein-services.at\/gruppen\/2020\/05\/14\/huettenversorgung-am-09-05-2020\/\" class=\"_self pt-cv-readmore btn btn-success cvplbd\" target=\"_self\">Weiterlesen \u2026<\/a><\/div><\/div><div class=\"pt-cv-social-buttons\"><a href=\"https:\/\/www.facebook.com\/sharer\/sharer.php?u=https:\/\/www.gebirgsverein-services.at\/gruppen\/2020\/05\/14\/huettenversorgung-am-09-05-2020\/\" class=\"pt-cv-social-facebook\" target=\"_blank\"><\/a><a href=\"https:\/\/twitter.com\/intent\/tweet?url=https:\/\/www.gebirgsverein-services.at\/gruppen\/2020\/05\/14\/huettenversorgung-am-09-05-2020\/&#038;text=H%C3%BCttenversorgung+am+09.05.2020\" class=\"pt-cv-social-twitter\" target=\"_blank\"><\/a><\/div><\/div><\/div><\/div><\/div><\/div><\/div>\t\t\t<style type=\"text\/css\" id=\"pt-cv-inline-style-51a8c84j14\">#pt-cv-view-5d65becaym.pt-cv-post-border .pt-cv-content-item   { border-top-style: solid; border-left-style: solid; }\n#pt-cv-view-5d65becaym .pt-cv-title a, #pt-cv-view-5d65becaym  .panel-title { font-weight: 600 !important; }\n#pt-cv-view-5d65becaym  .pt-cv-content-item:hover .pt-cv-hover-wrapper::before   { background-color: rgba(51,51,51,.6) !important; }\n#pt-cv-view-5d65becaym:not(.pt-cv-nohover) .pt-cv-mask *   { color: #fff; }\n#pt-cv-view-5d65becaym .pt-cv-carousel-caption  { background-color: rgba(51,51,51,.6) !important; }\n#pt-cv-view-5d65becaym .pt-cv-specialp * { color: #fff !important; background-color: #CC3333 !important; }\n#pt-cv-view-5d65becaym .pt-cv-pficon  { color: #bbb !important; }\n#pt-cv-view-5d65becaym  .add_to_cart_button, #pt-cv-view-5d65becaym  .add_to_cart_button *   { color: #ffffff !important; background-color: #00aeef !important; }\n#pt-cv-view-5d65becaym  .woocommerce-onsale   { color: #ffffff !important; background-color: #ff5a5f !important; }\n#pt-cv-view-5d65becaym .pt-cv-readmore  { color: #ffffff !important; background-color: #00aeef !important; }\n#pt-cv-view-5d65becaym .pt-cv-readmore:hover  { color: #ffffff !important; background-color: #00aeef !important; }\n#pt-cv-view-5d65becaym  + .pt-cv-pagination-wrapper .pt-cv-more , #pt-cv-view-5d65becaym  + .pt-cv-pagination-wrapper .pagination .active a { color: #ffffff !important; background-color: #00aeef !important; }\n[id^='pt-cv-filter-bar-5d65becaym'] .active.pt-cv-filter-option, [id^='pt-cv-filter-bar-5d65becaym'] .active .pt-cv-filter-option, [id^='pt-cv-filter-bar-5d65becaym'] .selected.pt-cv-filter-option, [id^='pt-cv-filter-bar-5d65becaym'] .dropdown-toggle   { color: #fff !important; background-color: #00aeef !important; }\n[id^='pt-cv-filter-bar-5d65becaym'] .pt-cv-filter-title   { color: #fff !important; background-color: #00aeef !important; }\n#pt-cv-view-5d65becaym .pt-cv-gls-header  { background-color: #00aeef !important; }\n#pt-cv-view-5d65becaym .cvp-responsive-image { width: 300px; height: 300px; }<\/style>\r\n\t\t\t\n","protected":false},"excerpt":{"rendered":"","protected":false},"author":25,"featured_media":1000,"parent":39,"menu_order":0,"comment_status":"closed","ping_status":"closed","template":"","meta":{"_acf_changed":false,"ngg_post_thumbnail":0,"footnotes":""},"class_list":["post-1002","page","type-page","status-publish","has-post-thumbnail","czr-hentry"],"acf":[],"amp_enabled":true,"_links":{"self":[{"href":"https:\/\/www.gebirgsverein-services.at\/gruppen\/wp-json\/wp\/v2\/pages\/1002","targetHints":{"allow":["GET"]}}],"collection":[{"href":"https:\/\/www.gebirgsverein-services.at\/gruppen\/wp-json\/wp\/v2\/pages"}],"about":[{"href":"https:\/\/www.gebirgsverein-services.at\/gruppen\/wp-json\/wp\/v2\/types\/page"}],"author":[{"embeddable":true,"href":"https:\/\/www.gebirgsverein-services.at\/gruppen\/wp-json\/wp\/v2\/users\/25"}],"replies":[{"embeddable":true,"href":"https:\/\/www.gebirgsverein-services.at\/gruppen\/wp-json\/wp\/v2\/comments?post=1002"}],"version-history":[{"count":0,"href":"https:\/\/www.gebirgsverein-services.at\/gruppen\/wp-json\/wp\/v2\/pages\/1002\/revisions"}],"up":[{"embeddable":true,"href":"https:\/\/www.gebirgsverein-services.at\/gruppen\/wp-json\/wp\/v2\/pages\/39"}],"wp:featuredmedia":[{"embeddable":true,"href":"https:\/\/www.gebirgsverein-services.at\/gruppen\/wp-json\/wp\/v2\/media\/1000"}],"wp:attachment":[{"href":"https:\/\/www.gebirgsverein-services.at\/gruppen\/wp-json\/wp\/v2\/media?parent=1002"}],"curies":[{"name":"wp","href":"https:\/\/api.w.org\/{rel}","templated":true}]}}