{"id":6550,"date":"2020-01-27T18:19:42","date_gmt":"2020-01-27T17:19:42","guid":{"rendered":"http:\/\/www.gebirgsverein-services.at\/gruppen\/?page_id=6550"},"modified":"2022-05-31T17:29:46","modified_gmt":"2022-05-31T15:29:46","slug":"jonas-biack","status":"publish","type":"page","link":"http:\/\/www.gebirgsverein-services.at\/gruppen\/fachgruppen\/climbing-team\/erwachsene\/jonas-biack\/","title":{"rendered":"Jonas Biack"},"content":{"rendered":"<p><strong><img decoding=\"async\" class=\"size-medium wp-image-6559 alignright lazyload\" data-src=\"http:\/\/www.gebirgsverein-services.at\/gruppen\/wp-content\/uploads\/2020\/01\/0524f434-9fd2-48eb-80ac-45c56a0ce70a-200x300.jpg\" alt=\"\" width=\"200\" height=\"300\" data-srcset=\"http:\/\/www.gebirgsverein-services.at\/gruppen\/wp-content\/uploads\/2020\/01\/0524f434-9fd2-48eb-80ac-45c56a0ce70a-200x300.jpg 200w, http:\/\/www.gebirgsverein-services.at\/gruppen\/wp-content\/uploads\/2020\/01\/0524f434-9fd2-48eb-80ac-45c56a0ce70a-570x855.jpg 570w, http:\/\/www.gebirgsverein-services.at\/gruppen\/wp-content\/uploads\/2020\/01\/0524f434-9fd2-48eb-80ac-45c56a0ce70a.jpg 683w\" data-sizes=\"(max-width: 200px) 100vw, 200px\" src=\"data:image\/svg+xml;base64,PHN2ZyB3aWR0aD0iMSIgaGVpZ2h0PSIxIiB4bWxucz0iaHR0cDovL3d3dy53My5vcmcvMjAwMC9zdmciPjwvc3ZnPg==\" style=\"--smush-placeholder-width: 200px; --smush-placeholder-aspect-ratio: 200\/300;\" \/> <\/strong><\/p>\n<p>&nbsp;<\/p>\n<p><strong>Beginn einer Leidenschaft<\/strong><br \/>\nMit etwa 4 Jahren nahm mein Vater mich zu meinem ersten Kletterkurs in das \u00d6GV Kletterzentrum mit. Nach etwa zwei Jahren in der Kinderklettergruppe wechselte ich zu einer Kinderklettergruppe auf die Marswiese. Von dort wurde ich zum \u00d6GV Climbing Team weitergeleitet. Mit 6 Jahren startete ich das wohl beste Abenteuer meines Lebens in der Familie des Climbing Teams.<\/p>\n<p>&nbsp;<\/p>\n<p>&nbsp;<\/p>\n<p><strong><img decoding=\"async\" class=\"wp-image-6560 alignleft lazyload\" data-src=\"http:\/\/www.gebirgsverein-services.at\/gruppen\/wp-content\/uploads\/2020\/01\/46711da7-720b-4279-84fb-4b9a2c956935-225x300.jpg\" alt=\"\" width=\"281\" height=\"375\" data-srcset=\"http:\/\/www.gebirgsverein-services.at\/gruppen\/wp-content\/uploads\/2020\/01\/46711da7-720b-4279-84fb-4b9a2c956935-225x300.jpg 225w, http:\/\/www.gebirgsverein-services.at\/gruppen\/wp-content\/uploads\/2020\/01\/46711da7-720b-4279-84fb-4b9a2c956935-768x1024.jpg 768w, http:\/\/www.gebirgsverein-services.at\/gruppen\/wp-content\/uploads\/2020\/01\/46711da7-720b-4279-84fb-4b9a2c956935-1152x1536.jpg 1152w, http:\/\/www.gebirgsverein-services.at\/gruppen\/wp-content\/uploads\/2020\/01\/46711da7-720b-4279-84fb-4b9a2c956935-570x760.jpg 570w, http:\/\/www.gebirgsverein-services.at\/gruppen\/wp-content\/uploads\/2020\/01\/46711da7-720b-4279-84fb-4b9a2c956935.jpg 1200w\" data-sizes=\"(max-width: 281px) 100vw, 281px\" src=\"data:image\/svg+xml;base64,PHN2ZyB3aWR0aD0iMSIgaGVpZ2h0PSIxIiB4bWxucz0iaHR0cDovL3d3dy53My5vcmcvMjAwMC9zdmciPjwvc3ZnPg==\" style=\"--smush-placeholder-width: 281px; --smush-placeholder-aspect-ratio: 281\/375;\" \/><\/strong><\/p>\n<p><strong>Teile der Leidenschaft<\/strong><br \/>\nEinen gro\u00dfen Teil meiner Leidenschaft f\u00fcr\u2019s Klettern machen die Wettk\u00e4mpfe aus. Egal ob Lead, Bouldern oder Speed, ich bestreite sie alle. Durch die Wettk\u00e4mpfe habe ich viele neue Freunde gefunden, mit denen ein Wiedersehen beim n\u00e4chsten Wettkampf so ist, als h\u00e4tte man sich gestern erst verabschiedet. Weiters sind die Wettk\u00e4mpfe f\u00fcr mich eine Messlatte, an der ich sehe, ob das Training den letzten Wochen gut verlaufen ist.<br \/>\nEin weiterer Teil meiner Leidenschaft ist das Felsklettern, die f\u00fcr mich sch\u00f6nste Art des Kletterns, da man in der Natur ist und versucht die Natur zu bezwingen. Leider komme ich viel zu selten an den Felsen, was ich in den n\u00e4chsten Jahren \u00e4ndern m\u00f6chte.<br \/>\nDen wohl wichtigsten Teil meiner Leidenschaft f\u00fcr das Klettern macht die M\u00f6glichkeit aus, sich selbst neue Grenzen zu setzen, die es dann zu schlagen gilt. Ob es ein Wettkampf, ein Boulder, eine Route oder eine neue Bestzeit in Speed ist, spielt keine Rolle. Wenn dieses Ziel jedoch geschafft ist, ist es das beste Gef\u00fchl, das ich mir vorstellen kann.<\/p>\n<p>&nbsp;<\/p>\n<p><strong><img decoding=\"async\" class=\"wp-image-6558 alignright lazyload\" data-src=\"http:\/\/www.gebirgsverein-services.at\/gruppen\/wp-content\/uploads\/2020\/01\/7fedb9f7-e084-4bf7-9d7d-7ecc84d966a9-225x300.jpg\" alt=\"\" width=\"261\" height=\"348\" data-srcset=\"http:\/\/www.gebirgsverein-services.at\/gruppen\/wp-content\/uploads\/2020\/01\/7fedb9f7-e084-4bf7-9d7d-7ecc84d966a9-225x300.jpg 225w, http:\/\/www.gebirgsverein-services.at\/gruppen\/wp-content\/uploads\/2020\/01\/7fedb9f7-e084-4bf7-9d7d-7ecc84d966a9-570x760.jpg 570w, http:\/\/www.gebirgsverein-services.at\/gruppen\/wp-content\/uploads\/2020\/01\/7fedb9f7-e084-4bf7-9d7d-7ecc84d966a9.jpg 768w\" data-sizes=\"(max-width: 261px) 100vw, 261px\" src=\"data:image\/svg+xml;base64,PHN2ZyB3aWR0aD0iMSIgaGVpZ2h0PSIxIiB4bWxucz0iaHR0cDovL3d3dy53My5vcmcvMjAwMC9zdmciPjwvc3ZnPg==\" style=\"--smush-placeholder-width: 261px; --smush-placeholder-aspect-ratio: 261\/348;\" \/><\/strong><\/p>\n<p><strong>Faszination am Klettern<\/strong><br \/>\nEs gibt viele Gr\u00fcnde, warum ich das Klettern so liebe, und sie alle aufzuz\u00e4hlen w\u00fcrde zu lange dauern. Deshalb nenne ich nur die wichtigsten.<br \/>\nKlettern ist f\u00fcr mich nicht nur ein Sport, sondern eine Lebensart. Man findet immer etwas Neues, keine Bewegung ist dieselbe, nicht einmal beim Speedklettern, wo man dieselbe Route immer und immer wieder klettert. Deshalb wird es auch nie langweilig und man bleibt immer motiviert.<br \/>\nBeim Klettern lernt man viele interessante Menschen kennen. Dabei kommt nicht darauf an woher sie kommen, beim Klettern sind wir alle gleich, was ein ganz spezielles Gemeinschaftsgef\u00fchl erzeugt, in dem sich jeder wohlf\u00fchlt.<br \/>\nMich faszinieren auch die besonderen Orte, die man bereist, wenn man einen Kletterurlaub macht, die unglaubliche Natur, die man sieht und die noch unglaublicheren W\u00e4nde, die man bezwingt.<\/p>\n<p>&nbsp;<\/p>\n<p><strong><img decoding=\"async\" class=\"wp-image-6557 alignleft lazyload\" data-src=\"http:\/\/www.gebirgsverein-services.at\/gruppen\/wp-content\/uploads\/2020\/01\/32788838-ac60-4eec-ba60-c292f35cb5da-199x300.jpg\" alt=\"\" width=\"254\" height=\"383\" data-srcset=\"http:\/\/www.gebirgsverein-services.at\/gruppen\/wp-content\/uploads\/2020\/01\/32788838-ac60-4eec-ba60-c292f35cb5da-199x300.jpg 199w, http:\/\/www.gebirgsverein-services.at\/gruppen\/wp-content\/uploads\/2020\/01\/32788838-ac60-4eec-ba60-c292f35cb5da-570x859.jpg 570w, http:\/\/www.gebirgsverein-services.at\/gruppen\/wp-content\/uploads\/2020\/01\/32788838-ac60-4eec-ba60-c292f35cb5da.jpg 600w\" data-sizes=\"(max-width: 254px) 100vw, 254px\" src=\"data:image\/svg+xml;base64,PHN2ZyB3aWR0aD0iMSIgaGVpZ2h0PSIxIiB4bWxucz0iaHR0cDovL3d3dy53My5vcmcvMjAwMC9zdmciPjwvc3ZnPg==\" style=\"--smush-placeholder-width: 254px; --smush-placeholder-aspect-ratio: 254\/383;\" \/><\/strong><\/p>\n<p>&nbsp;<\/p>\n<p><strong>Erfolge 2019<\/strong><br \/>\nIm letzten Jahr habe ich es durch meine Ergebnisse bei der A-Cup Serie geschafft mich f\u00fcr den Jugen Europa Cup in Imst zu qualifizieren. Der Wettkampf war sehr lehrreich und ich habe vieles mitgenommen.<\/p>\n<p>&nbsp;<\/p>\n<p><strong>Ziele f\u00fcr die n\u00e4chsten Jahre<\/strong><br \/>\nMein gro\u00dfes Ziel ist es, in das \u00d6sterreichische Nationalteam zu kommen. Abgesehen davon m\u00f6chte ich auch einmal 8c klettern und einen 8b Boulder bezwingen.<\/p>\n<p>&nbsp;<\/p>\n","protected":false},"excerpt":{"rendered":"<p>&nbsp; Beginn einer Leidenschaft Mit etwa 4 Jahren nahm mein Vater mich zu meinem ersten Kletterkurs in das \u00d6GV Kletterzentrum mit. Nach etwa zwei Jahren in der Kinderklettergruppe wechselte ich zu einer Kinderklettergruppe auf die Marswiese. Von dort wurde ich zum \u00d6GV Climbing Team weitergeleitet. Mit 6 Jahren startete ich das wohl beste Abenteuer meines [&hellip;]<\/p>\n","protected":false},"author":43,"featured_media":0,"parent":4767,"menu_order":10,"comment_status":"closed","ping_status":"closed","template":"","meta":{"_acf_changed":false,"ngg_post_thumbnail":0,"footnotes":""},"class_list":["post-6550","page","type-page","status-publish","czr-hentry"],"acf":[],"amp_enabled":true,"_links":{"self":[{"href":"http:\/\/www.gebirgsverein-services.at\/gruppen\/wp-json\/wp\/v2\/pages\/6550","targetHints":{"allow":["GET"]}}],"collection":[{"href":"http:\/\/www.gebirgsverein-services.at\/gruppen\/wp-json\/wp\/v2\/pages"}],"about":[{"href":"http:\/\/www.gebirgsverein-services.at\/gruppen\/wp-json\/wp\/v2\/types\/page"}],"author":[{"embeddable":true,"href":"http:\/\/www.gebirgsverein-services.at\/gruppen\/wp-json\/wp\/v2\/users\/43"}],"replies":[{"embeddable":true,"href":"http:\/\/www.gebirgsverein-services.at\/gruppen\/wp-json\/wp\/v2\/comments?post=6550"}],"version-history":[{"count":0,"href":"http:\/\/www.gebirgsverein-services.at\/gruppen\/wp-json\/wp\/v2\/pages\/6550\/revisions"}],"up":[{"embeddable":true,"href":"http:\/\/www.gebirgsverein-services.at\/gruppen\/wp-json\/wp\/v2\/pages\/4767"}],"wp:attachment":[{"href":"http:\/\/www.gebirgsverein-services.at\/gruppen\/wp-json\/wp\/v2\/media?parent=6550"}],"curies":[{"name":"wp","href":"https:\/\/api.w.org\/{rel}","templated":true}]}}