{"id":60,"date":"2017-03-09T15:24:32","date_gmt":"2017-03-09T14:24:32","guid":{"rendered":"http:\/\/www.gebirgsverein-services.at\/gruppen\/?page_id=60"},"modified":"2026-02-17T15:35:25","modified_gmt":"2026-02-17T14:35:25","slug":"fachgruppen","status":"publish","type":"page","link":"http:\/\/www.gebirgsverein-services.at\/gruppen\/fachgruppen\/","title":{"rendered":"Fachgruppen"},"content":{"rendered":"<p>F\u00fcr all deine Interessen gibt es eine eigene Gruppe. Vom Extrembergsteigen bis zum Seniorenwandern.<\/p>\n<ul>\n<li><a href=\"http:\/\/www.bergsteigergruppe.at\">Bergsteigergruppe<\/a><br \/>\nDiese Gruppe unternimmt selbst\u00e4ndig anspruchsvolle Bergtouren in allen Spielarten des Alpinismus von unseren Hausbergen bis zu den Bergen der Welt. Wenn dich das anspricht, bist du hier richtig.<\/li>\n<li><a href=\"https:\/\/www.gebirgsverein-services.at\/gruppen\/fachgruppen\/blinde-und-sehschwache\/\">Blinde und Sehschwache<\/a><br \/>\nEine besondere Inklusionsgruppe mit besonderem Programm.<\/li>\n<li><a href=\"https:\/\/www.gebirgsverein-services.at\/gruppen\/botanik\/\">Botanik<\/a><br \/>\nAbenteuer Botanik &#8211; gemeinsam erwandern.<\/li>\n<li><a href=\"https:\/\/www.gebirgsverein-services.at\/gruppen\/fachgruppen\/climbing-team\/\">Climbing Team<\/a><br \/>\nUnser Wettkampf-Kletterteam ist die Gruppe f\u00fcr all jene, die den Klettersport m\u00f6glichst professionell aus\u00fcben wollen und dabei auch zu Wettk\u00e4mpfen entsandt werden.<\/li>\n<li><a href=\"http:\/\/www.gebirgsverein-services.at\/gruppen\/enzian-unterwegs\/\">enzian unterwegs<\/a><br \/>\nDie Gruppe wandert und ist auch dem alpinen Bergsteigen nicht abgeneigt. Mach mit!<\/li>\n<li><a href=\"http:\/\/www.gebirgsverein-services.at\/gruppen\/forum-alpin\/\">Forum Alpin<\/a><br \/>\nDie vielf\u00e4ltigste und alpinste aller Fachgruppen (neben der Bergsteigergruppe). Offen f\u00fcr alle, die jenseits des Bohrhakens unterwegs sind.<\/li>\n<li><a href=\"http:\/\/www.gebirgsverein-services.at\/gruppen\/fachgruppen\/fachgruppe-geo\/\">GEO<\/a><br \/>\nDie Fachgruppe GEO ist die richtige Gruppe f\u00fcr dich, wenn du an geologischen Themen interessiert bist.<\/li>\n<li><a href=\"http:\/\/www.gebirgsverein-services.at\/gruppen\/fachgruppen\/naturschutzteam\/\">Naturschutzteam<\/a><br \/>\nDu hast Interesse an Natur- und Umweltschutz? Dann melde dich doch bei unserem Naturschutzteam! Die 2020 gegr\u00fcndete Fachgruppe plant immer wieder spannende Aktionen und k\u00fcmmert sich au\u00dferdem um den Au\u00dfenauftritt im Bereich Natur- und Umweltschutz.<\/li>\n<li><a href=\"http:\/\/www.gebirgsverein-services.at\/gruppen\/fachgruppen\/seniorenwanderclub\/\">Seniorenwanderclub<\/a><br \/>\nUnsere Senioren wandern bei jedem Wetter, zu jeder Jahreszeit &#8211; jeweils am Mittwoch.<\/li>\n<li><a href=\"http:\/\/www.gebirgsverein-services.at\/gruppen\/fachgruppen\/wiener-melange\/\">Wiener Melange<\/a><br \/>\nDu bist neu in \u00d6sterreich und m\u00f6chtest die Natur kennen lernen? Hier findest du Gleichgesinnte in der einzigen Integrationsgruppe im \u00d6sterr. Alpenverein.<\/li>\n<\/ul>\n","protected":false},"excerpt":{"rendered":"<p>F\u00fcr all deine Interessen gibt es eine eigene Gruppe. Vom Extrembergsteigen bis zum Seniorenwandern. Bergsteigergruppe Diese Gruppe unternimmt selbst\u00e4ndig anspruchsvolle Bergtouren in allen Spielarten des Alpinismus von unseren Hausbergen bis zu den Bergen der Welt. Wenn dich das anspricht, bist du hier richtig. Blinde und Sehschwache Eine besondere Inklusionsgruppe mit besonderem Programm. Botanik Abenteuer Botanik [&hellip;]<\/p>\n","protected":false},"author":1,"featured_media":38,"parent":0,"menu_order":0,"comment_status":"closed","ping_status":"closed","template":"","meta":{"_acf_changed":false,"ngg_post_thumbnail":0,"footnotes":""},"class_list":["post-60","page","type-page","status-publish","has-post-thumbnail","czr-hentry"],"acf":[],"amp_enabled":true,"_links":{"self":[{"href":"http:\/\/www.gebirgsverein-services.at\/gruppen\/wp-json\/wp\/v2\/pages\/60","targetHints":{"allow":["GET"]}}],"collection":[{"href":"http:\/\/www.gebirgsverein-services.at\/gruppen\/wp-json\/wp\/v2\/pages"}],"about":[{"href":"http:\/\/www.gebirgsverein-services.at\/gruppen\/wp-json\/wp\/v2\/types\/page"}],"author":[{"embeddable":true,"href":"http:\/\/www.gebirgsverein-services.at\/gruppen\/wp-json\/wp\/v2\/users\/1"}],"replies":[{"embeddable":true,"href":"http:\/\/www.gebirgsverein-services.at\/gruppen\/wp-json\/wp\/v2\/comments?post=60"}],"version-history":[{"count":0,"href":"http:\/\/www.gebirgsverein-services.at\/gruppen\/wp-json\/wp\/v2\/pages\/60\/revisions"}],"wp:featuredmedia":[{"embeddable":true,"href":"http:\/\/www.gebirgsverein-services.at\/gruppen\/wp-json\/wp\/v2\/media\/38"}],"wp:attachment":[{"href":"http:\/\/www.gebirgsverein-services.at\/gruppen\/wp-json\/wp\/v2\/media?parent=60"}],"curies":[{"name":"wp","href":"https:\/\/api.w.org\/{rel}","templated":true}]}}