{"id":5961,"date":"2019-11-11T13:09:03","date_gmt":"2019-11-11T12:09:03","guid":{"rendered":"http:\/\/www.gebirgsverein-services.at\/gruppen\/?page_id=5961"},"modified":"2022-05-31T17:28:16","modified_gmt":"2022-05-31T15:28:16","slug":"isa-lurf","status":"publish","type":"page","link":"http:\/\/www.gebirgsverein-services.at\/gruppen\/fachgruppen\/climbing-team\/erwachsene\/isa-lurf\/","title":{"rendered":"Isa Lurf"},"content":{"rendered":"<p><strong><img decoding=\"async\" class=\"size-medium wp-image-6156 alignright lazyload\" data-src=\"http:\/\/www.gebirgsverein-services.at\/gruppen\/wp-content\/uploads\/2019\/11\/Isa-3-300x225.jpg\" alt=\"\" width=\"300\" height=\"225\" data-srcset=\"http:\/\/www.gebirgsverein-services.at\/gruppen\/wp-content\/uploads\/2019\/11\/Isa-3-300x225.jpg 300w, http:\/\/www.gebirgsverein-services.at\/gruppen\/wp-content\/uploads\/2019\/11\/Isa-3-1024x768.jpg 1024w, http:\/\/www.gebirgsverein-services.at\/gruppen\/wp-content\/uploads\/2019\/11\/Isa-3-768x576.jpg 768w, http:\/\/www.gebirgsverein-services.at\/gruppen\/wp-content\/uploads\/2019\/11\/Isa-3-1536x1152.jpg 1536w, http:\/\/www.gebirgsverein-services.at\/gruppen\/wp-content\/uploads\/2019\/11\/Isa-3-2048x1536.jpg 2048w, http:\/\/www.gebirgsverein-services.at\/gruppen\/wp-content\/uploads\/2019\/11\/Isa-3-570x428.jpg 570w\" data-sizes=\"(max-width: 300px) 100vw, 300px\" src=\"data:image\/svg+xml;base64,PHN2ZyB3aWR0aD0iMSIgaGVpZ2h0PSIxIiB4bWxucz0iaHR0cDovL3d3dy53My5vcmcvMjAwMC9zdmciPjwvc3ZnPg==\" style=\"--smush-placeholder-width: 300px; --smush-placeholder-aspect-ratio: 300\/225;\" \/>Jahrgang: 2005<\/strong><\/p>\n<p><strong>\u00a0<\/strong><\/p>\n<p><strong>So bin ich zum Klettern\/zum Climbing Team gekommen&#8230; <\/strong>Schon seit ich laufen kann bin ich \u00fcberall rauf geklettert. Als es meinen Eltern zu doof wurde mich \u00fcberall wieder runterzuholen kam ich mit 3 Jahren in den ersten Kletterkurs, der mir sehr viel Spa\u00df machte. Mit 7 stie\u00df ich dann zum Climbing Team und trainiere im Moment 3-Mal die Woche.<\/p>\n<p>&nbsp;<\/p>\n<p><strong><img decoding=\"async\" class=\"size-medium wp-image-6155 alignleft lazyload\" data-src=\"http:\/\/www.gebirgsverein-services.at\/gruppen\/wp-content\/uploads\/2019\/11\/Isa-2-300x225.jpg\" alt=\"\" width=\"300\" height=\"225\" data-srcset=\"http:\/\/www.gebirgsverein-services.at\/gruppen\/wp-content\/uploads\/2019\/11\/Isa-2-300x225.jpg 300w, http:\/\/www.gebirgsverein-services.at\/gruppen\/wp-content\/uploads\/2019\/11\/Isa-2-768x576.jpg 768w, http:\/\/www.gebirgsverein-services.at\/gruppen\/wp-content\/uploads\/2019\/11\/Isa-2-570x428.jpg 570w, http:\/\/www.gebirgsverein-services.at\/gruppen\/wp-content\/uploads\/2019\/11\/Isa-2.jpg 1024w\" data-sizes=\"(max-width: 300px) 100vw, 300px\" src=\"data:image\/svg+xml;base64,PHN2ZyB3aWR0aD0iMSIgaGVpZ2h0PSIxIiB4bWxucz0iaHR0cDovL3d3dy53My5vcmcvMjAwMC9zdmciPjwvc3ZnPg==\" style=\"--smush-placeholder-width: 300px; --smush-placeholder-aspect-ratio: 300\/225;\" \/><\/strong><\/p>\n<p>&nbsp;<\/p>\n<p><strong>Das gef\u00e4llt mir am Klettern\/am Climbing Team: <\/strong><\/p>\n<p>Am Klettern gef\u00e4llt mir das Hoch-Oben-Sein und dass ich bis an meine Grenzen gehen kann. Im Climbing Team habe ich au\u00dferdem viele Freunde und ich freue mich immer mit ihnen zu Trainieren.<\/p>\n<p><strong>\u00a0<\/strong><\/p>\n<p>&nbsp;<\/p>\n<p><strong><img decoding=\"async\" class=\"size-medium wp-image-5802 alignright lazyload\" data-src=\"http:\/\/www.gebirgsverein-services.at\/gruppen\/wp-content\/uploads\/2019\/11\/LM-Waidhofen-Isa-255x300.jpg\" alt=\"\" width=\"255\" height=\"300\" data-srcset=\"http:\/\/www.gebirgsverein-services.at\/gruppen\/wp-content\/uploads\/2019\/11\/LM-Waidhofen-Isa-255x300.jpg 255w, http:\/\/www.gebirgsverein-services.at\/gruppen\/wp-content\/uploads\/2019\/11\/LM-Waidhofen-Isa-768x903.jpg 768w, http:\/\/www.gebirgsverein-services.at\/gruppen\/wp-content\/uploads\/2019\/11\/LM-Waidhofen-Isa-871x1024.jpg 871w, http:\/\/www.gebirgsverein-services.at\/gruppen\/wp-content\/uploads\/2019\/11\/LM-Waidhofen-Isa-570x670.jpg 570w, http:\/\/www.gebirgsverein-services.at\/gruppen\/wp-content\/uploads\/2019\/11\/LM-Waidhofen-Isa.jpg 1404w\" data-sizes=\"(max-width: 255px) 100vw, 255px\" src=\"data:image\/svg+xml;base64,PHN2ZyB3aWR0aD0iMSIgaGVpZ2h0PSIxIiB4bWxucz0iaHR0cDovL3d3dy53My5vcmcvMjAwMC9zdmciPjwvc3ZnPg==\" style=\"--smush-placeholder-width: 255px; --smush-placeholder-aspect-ratio: 255\/300;\" \/><\/strong><\/p>\n<p>&nbsp;<\/p>\n<p><strong>Meine liebsten Klettergebiete sind&#8230; <\/strong>eher nicht am Fels, weil ich Angst vor Ameisen und Spinnen habe, aber meine liebsten Hallen sind, in Wien, die Marswiese und generell die Kletterhalle Innsbruck.<\/p>\n<p><strong>\u00a0<\/strong><\/p>\n<p><strong>Mein gr\u00f6\u00dfter Erfolg bisher&#8230; <\/strong>war die Route Miss Ba\u0161ke, eine 7a+ in Kroatien auf der Insel Krk, im Sommerurlaub 2019.<\/p>\n<p><strong>\u00a0<\/strong><\/p>\n<p>&nbsp;<\/p>\n<p><strong><img decoding=\"async\" class=\"size-medium wp-image-6154 alignleft lazyload\" data-src=\"http:\/\/www.gebirgsverein-services.at\/gruppen\/wp-content\/uploads\/2019\/11\/Isa-1-scaled-e1574073661690-225x300.jpg\" alt=\"\" width=\"225\" height=\"300\" data-srcset=\"http:\/\/www.gebirgsverein-services.at\/gruppen\/wp-content\/uploads\/2019\/11\/Isa-1-scaled-e1574073661690-225x300.jpg 225w, http:\/\/www.gebirgsverein-services.at\/gruppen\/wp-content\/uploads\/2019\/11\/Isa-1-scaled-e1574073661690-768x1024.jpg 768w, http:\/\/www.gebirgsverein-services.at\/gruppen\/wp-content\/uploads\/2019\/11\/Isa-1-scaled-e1574073661690-1152x1536.jpg 1152w, http:\/\/www.gebirgsverein-services.at\/gruppen\/wp-content\/uploads\/2019\/11\/Isa-1-scaled-e1574073661690-1536x2048.jpg 1536w, http:\/\/www.gebirgsverein-services.at\/gruppen\/wp-content\/uploads\/2019\/11\/Isa-1-scaled-e1574073661690-570x760.jpg 570w, http:\/\/www.gebirgsverein-services.at\/gruppen\/wp-content\/uploads\/2019\/11\/Isa-1-scaled-e1574073661690.jpg 1920w\" data-sizes=\"(max-width: 225px) 100vw, 225px\" src=\"data:image\/svg+xml;base64,PHN2ZyB3aWR0aD0iMSIgaGVpZ2h0PSIxIiB4bWxucz0iaHR0cDovL3d3dy53My5vcmcvMjAwMC9zdmciPjwvc3ZnPg==\" style=\"--smush-placeholder-width: 225px; --smush-placeholder-aspect-ratio: 225\/300;\" \/><\/strong><\/p>\n<p>&nbsp;<\/p>\n<p><strong>Meine beste Klettererfahrung war&#8230; <\/strong>das Trainingslager im Sommer 2019 hat mir sehr Spa\u00df gemacht. Wir sind auf vielen sch\u00f6nen Felsw\u00e4nden geklettert und ich konnte viel Zeit mit meinen Freunden verbringen.<\/p>\n<p><strong>\u00a0<\/strong><\/p>\n<p><strong>Was mache ich sonst gerne: <\/strong><\/p>\n<p>Mit meiner Familie begehe ich gerne auch mal Klettersteige oder fahre mit dem Rad. Auch das Wandern habe ich vor kurzer Zeit f\u00fcr mich entdeckt. Sonst lese ich au\u00dferdem gerne B\u00fccher, aber auch Comics.<\/p>\n<p>&nbsp;<\/p>\n<p><strong>Ein Leben ohne Klettern w\u00e4re<\/strong>&#8230; sicher sehr langweilig.<\/p>\n<p><img decoding=\"async\" class=\"size-medium wp-image-5770 aligncenter lazyload\" data-src=\"http:\/\/www.gebirgsverein-services.at\/gruppen\/wp-content\/uploads\/2019\/11\/Isa-Profil-225x300.jpg\" alt=\"\" width=\"225\" height=\"300\" data-srcset=\"http:\/\/www.gebirgsverein-services.at\/gruppen\/wp-content\/uploads\/2019\/11\/Isa-Profil-225x300.jpg 225w, http:\/\/www.gebirgsverein-services.at\/gruppen\/wp-content\/uploads\/2019\/11\/Isa-Profil-768x1024.jpg 768w, http:\/\/www.gebirgsverein-services.at\/gruppen\/wp-content\/uploads\/2019\/11\/Isa-Profil-570x760.jpg 570w, http:\/\/www.gebirgsverein-services.at\/gruppen\/wp-content\/uploads\/2019\/11\/Isa-Profil.jpg 1238w\" data-sizes=\"(max-width: 225px) 100vw, 225px\" src=\"data:image\/svg+xml;base64,PHN2ZyB3aWR0aD0iMSIgaGVpZ2h0PSIxIiB4bWxucz0iaHR0cDovL3d3dy53My5vcmcvMjAwMC9zdmciPjwvc3ZnPg==\" style=\"--smush-placeholder-width: 225px; --smush-placeholder-aspect-ratio: 225\/300;\" \/><\/p>\n<p>&nbsp;<\/p>\n","protected":false},"excerpt":{"rendered":"<p>Jahrgang: 2005 \u00a0 So bin ich zum Klettern\/zum Climbing Team gekommen&#8230; Schon seit ich laufen kann bin ich \u00fcberall rauf geklettert. Als es meinen Eltern zu doof wurde mich \u00fcberall wieder runterzuholen kam ich mit 3 Jahren in den ersten Kletterkurs, der mir sehr viel Spa\u00df machte. Mit 7 stie\u00df ich dann zum Climbing Team [&hellip;]<\/p>\n","protected":false},"author":43,"featured_media":0,"parent":4767,"menu_order":7,"comment_status":"closed","ping_status":"closed","template":"","meta":{"_acf_changed":false,"ngg_post_thumbnail":0,"footnotes":""},"class_list":["post-5961","page","type-page","status-publish","czr-hentry"],"acf":[],"amp_enabled":true,"_links":{"self":[{"href":"http:\/\/www.gebirgsverein-services.at\/gruppen\/wp-json\/wp\/v2\/pages\/5961","targetHints":{"allow":["GET"]}}],"collection":[{"href":"http:\/\/www.gebirgsverein-services.at\/gruppen\/wp-json\/wp\/v2\/pages"}],"about":[{"href":"http:\/\/www.gebirgsverein-services.at\/gruppen\/wp-json\/wp\/v2\/types\/page"}],"author":[{"embeddable":true,"href":"http:\/\/www.gebirgsverein-services.at\/gruppen\/wp-json\/wp\/v2\/users\/43"}],"replies":[{"embeddable":true,"href":"http:\/\/www.gebirgsverein-services.at\/gruppen\/wp-json\/wp\/v2\/comments?post=5961"}],"version-history":[{"count":0,"href":"http:\/\/www.gebirgsverein-services.at\/gruppen\/wp-json\/wp\/v2\/pages\/5961\/revisions"}],"up":[{"embeddable":true,"href":"http:\/\/www.gebirgsverein-services.at\/gruppen\/wp-json\/wp\/v2\/pages\/4767"}],"wp:attachment":[{"href":"http:\/\/www.gebirgsverein-services.at\/gruppen\/wp-json\/wp\/v2\/media?parent=5961"}],"curies":[{"name":"wp","href":"https:\/\/api.w.org\/{rel}","templated":true}]}}