{"id":5643,"date":"2019-11-08T10:26:32","date_gmt":"2019-11-08T09:26:32","guid":{"rendered":"http:\/\/www.gebirgsverein-services.at\/gruppen\/?page_id=5643"},"modified":"2019-11-08T12:45:17","modified_gmt":"2019-11-08T11:45:17","slug":"klara-vollenwyder","status":"publish","type":"page","link":"http:\/\/www.gebirgsverein-services.at\/gruppen\/fachgruppen\/climbing-team\/erwachsene\/klara-vollenwyder\/","title":{"rendered":"Klara Vollenwyder"},"content":{"rendered":"<p><img decoding=\"async\" class=\"size-medium wp-image-5630 alignright lazyload\" data-src=\"http:\/\/www.gebirgsverein-services.at\/gruppen\/wp-content\/uploads\/2019\/11\/Klara-Silvretta_Galt\u00fcr-2016-300x225.jpg\" alt=\"\" width=\"300\" height=\"225\" data-srcset=\"http:\/\/www.gebirgsverein-services.at\/gruppen\/wp-content\/uploads\/2019\/11\/Klara-Silvretta_Galt\u00fcr-2016-300x225.jpg 300w, http:\/\/www.gebirgsverein-services.at\/gruppen\/wp-content\/uploads\/2019\/11\/Klara-Silvretta_Galt\u00fcr-2016-768x576.jpg 768w, http:\/\/www.gebirgsverein-services.at\/gruppen\/wp-content\/uploads\/2019\/11\/Klara-Silvretta_Galt\u00fcr-2016-1024x768.jpg 1024w, http:\/\/www.gebirgsverein-services.at\/gruppen\/wp-content\/uploads\/2019\/11\/Klara-Silvretta_Galt\u00fcr-2016-570x428.jpg 570w, http:\/\/www.gebirgsverein-services.at\/gruppen\/wp-content\/uploads\/2019\/11\/Klara-Silvretta_Galt\u00fcr-2016.jpg 1600w\" data-sizes=\"(max-width: 300px) 100vw, 300px\" src=\"data:image\/svg+xml;base64,PHN2ZyB3aWR0aD0iMSIgaGVpZ2h0PSIxIiB4bWxucz0iaHR0cDovL3d3dy53My5vcmcvMjAwMC9zdmciPjwvc3ZnPg==\" style=\"--smush-placeholder-width: 300px; --smush-placeholder-aspect-ratio: 300\/225;\" \/><\/p>\n<p>Studentin aus Wien<\/p>\n<p>Geboren 2000<\/p>\n<p>2009 war ich in meinem ersten Kletterkurs. Zu diesem bin ich durch meine Schwester, die bereits kletterte, gekommen. 2010 wurde ich in die Trainingsgruppe aufgenommen und bin gleichzeitig ins Gymnasium gekommen. Seit 7 \u00bd Jahren bin ich in der Trainingsgruppe, trainiere zurzeit ein Mal pro Woche mit der Gruppe.<\/p>\n<p>&nbsp;<\/p>\n<p><img decoding=\"async\" class=\"size-medium wp-image-5631 alignleft lazyload\" data-src=\"http:\/\/www.gebirgsverein-services.at\/gruppen\/wp-content\/uploads\/2019\/11\/Klara-VBT-Finale-2016-300x200.jpg\" alt=\"\" width=\"300\" height=\"200\" data-srcset=\"http:\/\/www.gebirgsverein-services.at\/gruppen\/wp-content\/uploads\/2019\/11\/Klara-VBT-Finale-2016-300x200.jpg 300w, http:\/\/www.gebirgsverein-services.at\/gruppen\/wp-content\/uploads\/2019\/11\/Klara-VBT-Finale-2016-768x512.jpg 768w, http:\/\/www.gebirgsverein-services.at\/gruppen\/wp-content\/uploads\/2019\/11\/Klara-VBT-Finale-2016-1024x683.jpg 1024w, http:\/\/www.gebirgsverein-services.at\/gruppen\/wp-content\/uploads\/2019\/11\/Klara-VBT-Finale-2016-570x380.jpg 570w, http:\/\/www.gebirgsverein-services.at\/gruppen\/wp-content\/uploads\/2019\/11\/Klara-VBT-Finale-2016.jpg 2048w\" data-sizes=\"(max-width: 300px) 100vw, 300px\" src=\"data:image\/svg+xml;base64,PHN2ZyB3aWR0aD0iMSIgaGVpZ2h0PSIxIiB4bWxucz0iaHR0cDovL3d3dy53My5vcmcvMjAwMC9zdmciPjwvc3ZnPg==\" style=\"--smush-placeholder-width: 300px; --smush-placeholder-aspect-ratio: 300\/200;\" \/><\/p>\n<p>&nbsp;<\/p>\n<p>Mein bestes Wettkampferlebnis war 2016 in Graz beim European Youth Cup zu starten. Ein toller Wettkampferfolg war f\u00fcr mich der 5te Platz beim Boulder A Cup in Graz 2016 in der damaligen Altersklasse Jugend A (U18). Zurzeit bin ich 4te in \u00d6sterreich in der Altersklasse Juniorinnen (U20).<\/p>\n<p>&nbsp;<\/p>\n<p>&nbsp;<\/p>\n<p>&nbsp;<\/p>\n<p>Bouldern mag ich um einiges mehr als Seilklettern. Auch das Felsbouldern bereitet mir gro\u00dfe Freude. meine Lieblingsgebiete sind Fontainebleau und Silvretta\/Galt\u00fcr. Das Bouldergebiet Fontainebleau haben wir bereits mehrmals mit dem Climbingteam \u00fcber Ostern im Zuge eines Trainingslagers besucht. Dort gef\u00e4llt es mir sehr gut, weil es viele verschieden Boulder zum t\u00fcfteln gibt.<\/p>\n<p><img decoding=\"async\" class=\"size-medium wp-image-5629 alignleft lazyload\" data-src=\"http:\/\/www.gebirgsverein-services.at\/gruppen\/wp-content\/uploads\/2019\/11\/Klara-Silvretta-2016-300x225.jpg\" alt=\"\" width=\"300\" height=\"225\" data-srcset=\"http:\/\/www.gebirgsverein-services.at\/gruppen\/wp-content\/uploads\/2019\/11\/Klara-Silvretta-2016-300x225.jpg 300w, http:\/\/www.gebirgsverein-services.at\/gruppen\/wp-content\/uploads\/2019\/11\/Klara-Silvretta-2016-768x576.jpg 768w, http:\/\/www.gebirgsverein-services.at\/gruppen\/wp-content\/uploads\/2019\/11\/Klara-Silvretta-2016-1024x768.jpg 1024w, http:\/\/www.gebirgsverein-services.at\/gruppen\/wp-content\/uploads\/2019\/11\/Klara-Silvretta-2016-570x428.jpg 570w, http:\/\/www.gebirgsverein-services.at\/gruppen\/wp-content\/uploads\/2019\/11\/Klara-Silvretta-2016.jpg 1600w\" data-sizes=\"(max-width: 300px) 100vw, 300px\" src=\"data:image\/svg+xml;base64,PHN2ZyB3aWR0aD0iMSIgaGVpZ2h0PSIxIiB4bWxucz0iaHR0cDovL3d3dy53My5vcmcvMjAwMC9zdmciPjwvc3ZnPg==\" style=\"--smush-placeholder-width: 300px; --smush-placeholder-aspect-ratio: 300\/225;\" \/><img decoding=\"async\" class=\"size-medium wp-image-5633 alignright lazyload\" data-src=\"http:\/\/www.gebirgsverein-services.at\/gruppen\/wp-content\/uploads\/2019\/11\/Klara-Fontainebleau-2017-300x200.jpg\" alt=\"\" width=\"300\" height=\"200\" data-srcset=\"http:\/\/www.gebirgsverein-services.at\/gruppen\/wp-content\/uploads\/2019\/11\/Klara-Fontainebleau-2017-300x200.jpg 300w, http:\/\/www.gebirgsverein-services.at\/gruppen\/wp-content\/uploads\/2019\/11\/Klara-Fontainebleau-2017-768x512.jpg 768w, http:\/\/www.gebirgsverein-services.at\/gruppen\/wp-content\/uploads\/2019\/11\/Klara-Fontainebleau-2017-1024x683.jpg 1024w, http:\/\/www.gebirgsverein-services.at\/gruppen\/wp-content\/uploads\/2019\/11\/Klara-Fontainebleau-2017-570x380.jpg 570w, http:\/\/www.gebirgsverein-services.at\/gruppen\/wp-content\/uploads\/2019\/11\/Klara-Fontainebleau-2017.jpg 2048w\" data-sizes=\"(max-width: 300px) 100vw, 300px\" src=\"data:image\/svg+xml;base64,PHN2ZyB3aWR0aD0iMSIgaGVpZ2h0PSIxIiB4bWxucz0iaHR0cDovL3d3dy53My5vcmcvMjAwMC9zdmciPjwvc3ZnPg==\" style=\"--smush-placeholder-width: 300px; --smush-placeholder-aspect-ratio: 300\/200;\" \/><\/p>\n<p>&nbsp;<\/p>\n<p>Au\u00dferdem spiele ich Tennis, gehe gerne Laufen und studiere in Fernstudium.<\/p>\n<p>&nbsp;<\/p>\n","protected":false},"excerpt":{"rendered":"<p>Studentin aus Wien Geboren 2000 2009 war ich in meinem ersten Kletterkurs. Zu diesem bin ich durch meine Schwester, die bereits kletterte, gekommen. 2010 wurde ich in die Trainingsgruppe aufgenommen und bin gleichzeitig ins Gymnasium gekommen. Seit 7 \u00bd Jahren bin ich in der Trainingsgruppe, trainiere zurzeit ein Mal pro Woche mit der Gruppe. &nbsp; [&hellip;]<\/p>\n","protected":false},"author":43,"featured_media":0,"parent":4767,"menu_order":0,"comment_status":"closed","ping_status":"closed","template":"","meta":{"_acf_changed":false,"ngg_post_thumbnail":0,"footnotes":""},"class_list":["post-5643","page","type-page","status-publish","czr-hentry"],"acf":[],"amp_enabled":true,"_links":{"self":[{"href":"http:\/\/www.gebirgsverein-services.at\/gruppen\/wp-json\/wp\/v2\/pages\/5643","targetHints":{"allow":["GET"]}}],"collection":[{"href":"http:\/\/www.gebirgsverein-services.at\/gruppen\/wp-json\/wp\/v2\/pages"}],"about":[{"href":"http:\/\/www.gebirgsverein-services.at\/gruppen\/wp-json\/wp\/v2\/types\/page"}],"author":[{"embeddable":true,"href":"http:\/\/www.gebirgsverein-services.at\/gruppen\/wp-json\/wp\/v2\/users\/43"}],"replies":[{"embeddable":true,"href":"http:\/\/www.gebirgsverein-services.at\/gruppen\/wp-json\/wp\/v2\/comments?post=5643"}],"version-history":[{"count":0,"href":"http:\/\/www.gebirgsverein-services.at\/gruppen\/wp-json\/wp\/v2\/pages\/5643\/revisions"}],"up":[{"embeddable":true,"href":"http:\/\/www.gebirgsverein-services.at\/gruppen\/wp-json\/wp\/v2\/pages\/4767"}],"wp:attachment":[{"href":"http:\/\/www.gebirgsverein-services.at\/gruppen\/wp-json\/wp\/v2\/media?parent=5643"}],"curies":[{"name":"wp","href":"https:\/\/api.w.org\/{rel}","templated":true}]}}