{"id":3924,"date":"2013-07-24T14:53:21","date_gmt":"2013-07-24T12:53:21","guid":{"rendered":"http:\/\/www.gebirgsverein-services.at\/gruppen\/klettern\/"},"modified":"2025-04-02T08:59:08","modified_gmt":"2025-04-02T06:59:08","slug":"klettern","status":"publish","type":"page","link":"http:\/\/www.gebirgsverein-services.at\/gruppen\/ortsgruppen\/neulengbach\/klettern\/","title":{"rendered":"Klettern"},"content":{"rendered":"\r\n<div class=\"wp-block-spacer\" style=\"height: 22px;\" aria-hidden=\"true\">\u00a0<\/div>\r\n\r\n\r\n\r\n<div class=\"wp-block-button alignright is-style-squared\"><a class=\"wp-block-button__link has-text-color has-very-light-gray-color has-background has-vivid-cyan-blue-background-color\" href=\"http:\/\/www.gebirgsverein-services.at\/gruppen\/ortsgruppen\/neulengbach\/klettern\/dienstplan\/\">Dienstplan<\/a><\/div>\r\n\r\n\r\n\r\n<div class=\"wp-block-button is-style-squared\"><a class=\"wp-block-button__link has-text-color has-very-light-gray-color has-background has-vivid-cyan-blue-background-color\" href=\"http:\/\/www.gebirgsverein-services.at\/gruppen\/ortsgruppen\/neulengbach\/klettern\/kinderklettern\/\">Kinderklettern<\/a><\/div>\r\n\r\n\r\n\r\n<div class=\"wp-block-spacer\" style=\"height: 22px;\" aria-hidden=\"true\">\u00a0<\/div>\r\n\r\n<p><strong><img decoding=\"async\" class=\"alignleft wp-image-3971 size-full lazyload\" data-src=\"http:\/\/www.gebirgsverein-services.at\/gruppen\/wp-content\/uploads\/2019\/03\/kletterwettkampf01.jpg\" alt=\"\" width=\"180\" height=\"240\" src=\"data:image\/svg+xml;base64,PHN2ZyB3aWR0aD0iMSIgaGVpZ2h0PSIxIiB4bWxucz0iaHR0cDovL3d3dy53My5vcmcvMjAwMC9zdmciPjwvc3ZnPg==\" style=\"--smush-placeholder-width: 180px; --smush-placeholder-aspect-ratio: 180\/240;\" \/>NEU!!!<\/strong><\/p>\r\n<p><strong><a href=\"http:\/\/www.gebirgsverein-services.at\/gruppen\/ortsgruppen\/neulengbach\/klettern\/kinderklettern\/\">Kinderklettern in Maria Anzbach!<\/a><\/strong><\/p>\r\n<p><span style=\"color: #ff0000;\"><strong>Kletterbetrieb ab 9. Mai &#8211; 12. Sep. 2025<\/strong><\/span><br \/><strong>Wir freuen uns auf euch!<\/strong><\/p>\r\n<p>COVID-19: Es gelten die akt. Bestimmungen der Bundesregierung<\/p>\r\n<p>Unsere Kletterwand befindet sich an der Park&amp;Ride-Anlage Neulengbach, gleich in der N\u00e4he des Bahnhofes Neulengbach Stadt. Wir haben 12 Routen in den verschiedensten Schwierigkeitsgraden mit kleinen \u00dcberh\u00e4ngen.<\/p>\r\n<p><strong>\u00d6AV KLETTERWAND-BETRIEB <\/strong>(siehe Dienstplan)<\/p>\r\n<p><strong>jeden FREITAG von 18:00 &#8211; 20:00 Uhr<\/strong> ab Mitte Mai, <strong>mit Betreuung f\u00fcr alle Altersstufen,\u00a0<\/strong>bis Mitte September.<br \/>(Zu diesen Zeiten ist eine individuelle Betreuung und Sicherung durch unser Team gew\u00e4hrleistet. Zu anderen Zeiten ist die Benutzung der Kletterwand nur f\u00fcr Personen, die selbst\u00e4ndig klettern und sichern k\u00f6nnen, m\u00f6glich.)<\/p>\r\n<p><strong>BEI REGEN KEIN BETRIEB.<\/strong><\/p>\r\n<p><strong>PREISE (seit 2024)<\/strong><\/p>\r\n<p align=\"left\">Tarife pro Stunde<\/p>\r\n<p>Kinder &amp; Jugendliche bis 18 J&#8230;..\u20ac 4,00-\u00a0\u00a0\u00a0 (\u20ac 5,00-)\u00a0<br \/>Erwachsene&#8230;&#8230;&#8230;&#8230;&#8230;&#8230;&#8230;&#8230;&#8230;&#8230;\u20ac 5,00-\u00a0\u00a0\u00a0 (\u20ac 7,00-)<br \/>(die Preise in Klammer gelten f\u00fcr \u201eNicht-Mitglieder&#8220;)<\/p>\r\n<p>&nbsp;<\/p>\r\n<p>NEU: Ev. erforderliche Leihausr\u00fcstung ist im Preis bereits inbegriffen!\u00a0Auch andere alpine Vereine gelten als Mitglieder.<\/p>\r\n<p>Eigenverantwortliches Klettern (ohne Betreuung durch unser Team) ist jeweils nach Vereinbarung und Voranmeldung (wenn m\u00f6glich am Vortag) zum gleichen Preis m\u00f6glich. Um sich \u00fcber die Modalit\u00e4ten der Schl\u00fcssel\u00fcbergabe und der Bezahlung zu informieren, kontaktieren Sie bitte\u00a0<a href=\"http:\/\/www.gebirgsverein-services.at\/gruppen\/ortsgruppen\/neulengbach\/leitung-kontakt\/\" target=\"_self\" rel=\"noopener noreferrer\">Hr. Manfred Altmann<\/a>\u00a0oder\u00a0<a href=\"http:\/\/www.gebirgsverein-services.at\/gruppen\/ortsgruppen\/neulengbach\/leitung-kontakt\/\" target=\"_self\" rel=\"noopener noreferrer\">Fr. Bettina Welke<\/a>.<\/p>\r\n<p><strong>Wir w\u00fcnschen viel Spa\u00df beim Klettern!<\/strong><\/p>","protected":false},"excerpt":{"rendered":"<p>NEU!!! Kinderklettern in Maria Anzbach! Kletterbetrieb ab 9. Mai &#8211; 12. Sep. 2025Wir freuen uns auf euch! COVID-19: Es gelten die akt. Bestimmungen der Bundesregierung Unsere Kletterwand befindet sich an der Park&amp;Ride-Anlage Neulengbach, gleich in der N\u00e4he des Bahnhofes Neulengbach Stadt. Wir haben 12 Routen in den verschiedensten Schwierigkeitsgraden mit kleinen \u00dcberh\u00e4ngen. \u00d6AV KLETTERWAND-BETRIEB (siehe [&hellip;]<\/p>\n","protected":false},"author":23,"featured_media":4423,"parent":225,"menu_order":2,"comment_status":"closed","ping_status":"closed","template":"","meta":{"_acf_changed":false,"ngg_post_thumbnail":0,"footnotes":""},"class_list":["post-3924","page","type-page","status-publish","has-post-thumbnail","czr-hentry"],"acf":[],"amp_enabled":true,"_links":{"self":[{"href":"http:\/\/www.gebirgsverein-services.at\/gruppen\/wp-json\/wp\/v2\/pages\/3924","targetHints":{"allow":["GET"]}}],"collection":[{"href":"http:\/\/www.gebirgsverein-services.at\/gruppen\/wp-json\/wp\/v2\/pages"}],"about":[{"href":"http:\/\/www.gebirgsverein-services.at\/gruppen\/wp-json\/wp\/v2\/types\/page"}],"author":[{"embeddable":true,"href":"http:\/\/www.gebirgsverein-services.at\/gruppen\/wp-json\/wp\/v2\/users\/23"}],"replies":[{"embeddable":true,"href":"http:\/\/www.gebirgsverein-services.at\/gruppen\/wp-json\/wp\/v2\/comments?post=3924"}],"version-history":[{"count":0,"href":"http:\/\/www.gebirgsverein-services.at\/gruppen\/wp-json\/wp\/v2\/pages\/3924\/revisions"}],"up":[{"embeddable":true,"href":"http:\/\/www.gebirgsverein-services.at\/gruppen\/wp-json\/wp\/v2\/pages\/225"}],"wp:featuredmedia":[{"embeddable":true,"href":"http:\/\/www.gebirgsverein-services.at\/gruppen\/wp-json\/wp\/v2\/media\/4423"}],"wp:attachment":[{"href":"http:\/\/www.gebirgsverein-services.at\/gruppen\/wp-json\/wp\/v2\/media?parent=3924"}],"curies":[{"name":"wp","href":"https:\/\/api.w.org\/{rel}","templated":true}]}}