{"id":1082,"date":"2018-09-27T17:13:53","date_gmt":"2018-09-27T15:13:53","guid":{"rendered":"http:\/\/www.gebirgsverein-services.at\/gruppen\/?page_id=1082"},"modified":"2019-10-29T11:26:04","modified_gmt":"2019-10-29T10:26:04","slug":"wege-auf-den-tuernitzer-hoeger-st-poelten","status":"publish","type":"page","link":"http:\/\/www.gebirgsverein-services.at\/gruppen\/ortsgruppen\/st-poelten\/wege-auf-den-tuernitzer-hoeger-st-poelten\/","title":{"rendered":"Wege auf den T\u00fcrnitzer H\u00f6ger &#8211; St. P\u00f6lten"},"content":{"rendered":"<h2 align=\"center\"><span class=\"Stil1\">Wege auf den T\u00fcrnitzer H\u00f6ger<\/span><\/h2>\n<p align=\"center\">Der 1.372 m hohe, auf allen Seiten stark bewaldete Berg geh\u00f6rt zweifelsohne zu den anspruchsvollsten Wanderzielen des oberen Traisentales . Der H\u00f6henunterschied liegt praktisch bei allen Anstiegswegen zwischen 800 und 900 Metern.<\/p>\n<p align=\"center\"><a class=\"Stil3\" href=\"http:\/\/www.gebirgsverein-services.at\/gruppen\/wp-content\/uploads\/2019\/10\/Schautafeln_TuernitzerHoeger_Karte_LY5-1.pdf\" target=\"_blank\" rel=\"noopener noreferrer\">Karte<\/a><\/p>\n<p align=\"center\">Informationen zum Wegenetz erhalten Sie von unserem Wege- und Markierungsreferenten Othmar Buder telefonisch unter 0664\/4543899&nbsp; oder per Mail unter folgender Adresse: <a href=\"mailto:othmar-redub@tmo.at\">othmar-redub@tmo.at<\/a><\/p>\n","protected":false},"excerpt":{"rendered":"<p>Wege auf den T\u00fcrnitzer H\u00f6ger Der 1.372 m hohe, auf allen Seiten stark bewaldete Berg geh\u00f6rt zweifelsohne zu den anspruchsvollsten Wanderzielen des oberen Traisentales . Der H\u00f6henunterschied liegt praktisch bei allen Anstiegswegen zwischen 800 und 900 Metern. Karte Informationen zum Wegenetz erhalten Sie von unserem Wege- und Markierungsreferenten Othmar Buder telefonisch unter 0664\/4543899&nbsp; oder per [&hellip;]<\/p>\n","protected":false},"author":25,"featured_media":1000,"parent":39,"menu_order":0,"comment_status":"closed","ping_status":"closed","template":"","meta":{"_acf_changed":false,"ngg_post_thumbnail":0,"footnotes":""},"class_list":["post-1082","page","type-page","status-publish","has-post-thumbnail","czr-hentry"],"acf":[],"amp_enabled":true,"_links":{"self":[{"href":"http:\/\/www.gebirgsverein-services.at\/gruppen\/wp-json\/wp\/v2\/pages\/1082","targetHints":{"allow":["GET"]}}],"collection":[{"href":"http:\/\/www.gebirgsverein-services.at\/gruppen\/wp-json\/wp\/v2\/pages"}],"about":[{"href":"http:\/\/www.gebirgsverein-services.at\/gruppen\/wp-json\/wp\/v2\/types\/page"}],"author":[{"embeddable":true,"href":"http:\/\/www.gebirgsverein-services.at\/gruppen\/wp-json\/wp\/v2\/users\/25"}],"replies":[{"embeddable":true,"href":"http:\/\/www.gebirgsverein-services.at\/gruppen\/wp-json\/wp\/v2\/comments?post=1082"}],"version-history":[{"count":0,"href":"http:\/\/www.gebirgsverein-services.at\/gruppen\/wp-json\/wp\/v2\/pages\/1082\/revisions"}],"up":[{"embeddable":true,"href":"http:\/\/www.gebirgsverein-services.at\/gruppen\/wp-json\/wp\/v2\/pages\/39"}],"wp:featuredmedia":[{"embeddable":true,"href":"http:\/\/www.gebirgsverein-services.at\/gruppen\/wp-json\/wp\/v2\/media\/1000"}],"wp:attachment":[{"href":"http:\/\/www.gebirgsverein-services.at\/gruppen\/wp-json\/wp\/v2\/media?parent=1082"}],"curies":[{"name":"wp","href":"https:\/\/api.w.org\/{rel}","templated":true}]}}