{"id":2643,"date":"2022-11-17T16:09:18","date_gmt":"2022-11-17T15:09:18","guid":{"rendered":"https:\/\/www.gebirgsverein-services.at\/bergsteigergruppe\/?page_id=2643"},"modified":"2022-11-17T16:25:21","modified_gmt":"2022-11-17T15:25:21","slug":"schitourenwoche-andermatt-klaus-adler","status":"publish","type":"page","link":"http:\/\/www.gebirgsverein-services.at\/bergsteigergruppe\/schitourenwoche-andermatt-klaus-adler\/","title":{"rendered":"Schitourenwoche Andermatt, Klaus Adler"},"content":{"rendered":"\t\t<div data-elementor-type=\"wp-page\" data-elementor-id=\"2643\" class=\"elementor elementor-2643\">\n\t\t\t\t\t\t<section class=\"elementor-section elementor-top-section elementor-element elementor-element-238ec61 elementor-section-boxed elementor-section-height-default elementor-section-height-default\" data-id=\"238ec61\" data-element_type=\"section\" data-e-type=\"section\">\n\t\t\t\t\t\t<div class=\"elementor-container elementor-column-gap-default\">\n\t\t\t\t\t<div class=\"elementor-column elementor-col-100 elementor-top-column elementor-element elementor-element-c8eab2a\" data-id=\"c8eab2a\" data-element_type=\"column\" data-e-type=\"column\" data-settings=\"{&quot;background_background&quot;:&quot;classic&quot;}\">\n\t\t\t<div class=\"elementor-widget-wrap elementor-element-populated\">\n\t\t\t\t\t\t<div class=\"elementor-element elementor-element-56cbfff elementor-widget elementor-widget-text-editor\" data-id=\"56cbfff\" data-element_type=\"widget\" data-e-type=\"widget\" data-widget_type=\"text-editor.default\">\n\t\t\t\t<div class=\"elementor-widget-container\">\n\t\t\t\t\t\t\t\t\t<p>Schitourenwoche in Andermatt, 15.-23.Februar 2003<\/p>\t\t\t\t\t\t\t\t<\/div>\n\t\t\t\t<\/div>\n\t\t\t\t<div class=\"elementor-element elementor-element-95a45c0 elementor-widget elementor-widget-text-editor\" data-id=\"95a45c0\" data-element_type=\"widget\" data-e-type=\"widget\" data-widget_type=\"text-editor.default\">\n\t\t\t\t<div class=\"elementor-widget-container\">\n\t\t\t\t\t\t\t\t\t<p>Ein Bericht von Klaus Adler<\/p>\t\t\t\t\t\t\t\t<\/div>\n\t\t\t\t<\/div>\n\t\t\t\t\t<\/div>\n\t\t<\/div>\n\t\t\t\t\t<\/div>\n\t\t<\/section>\n\t\t\t\t<section class=\"elementor-section elementor-top-section elementor-element elementor-element-2dab78f elementor-section-boxed elementor-section-height-default elementor-section-height-default\" data-id=\"2dab78f\" data-element_type=\"section\" data-e-type=\"section\">\n\t\t\t\t\t\t<div class=\"elementor-container elementor-column-gap-default\">\n\t\t\t\t\t<div class=\"elementor-column elementor-col-100 elementor-top-column elementor-element elementor-element-146d2b1\" data-id=\"146d2b1\" data-element_type=\"column\" data-e-type=\"column\" data-settings=\"{&quot;background_background&quot;:&quot;classic&quot;}\">\n\t\t\t<div class=\"elementor-widget-wrap elementor-element-populated\">\n\t\t\t\t\t\t<div class=\"elementor-element elementor-element-ba59d27 elementor-widget elementor-widget-text-editor\" data-id=\"ba59d27\" data-element_type=\"widget\" data-e-type=\"widget\" data-widget_type=\"text-editor.default\">\n\t\t\t\t<div class=\"elementor-widget-container\">\n\t\t\t\t\t\t\t\t\t<p><span style=\"font-family: Times New Roman, serif;\"><span style=\"font-size: medium;\"><span style=\"font-family: Calibri, serif;\">Eine ganze Woche lang strahlend blauer, wolkenloser Himmel und traumhafter Pulverschnee! Ideale Skitourenverh\u00e4ltnisse mit nur geringer Lawinengefahr. Das ist keine Wunschvorstellung beim Anblick des Sonnenscheins durch das B\u00fcrofenster, sondern war letzte Woche wirklich so \u2013 in Andermatt, in der Zentralschweiz, zwischen Gotthard-, Furka- und Oberalp-Pass. Das Bergdorf in 1440m Hohe liegt wirklich ideal und bietet unz\u00e4hlige Tourenm\u00f6glichkeiten. Mit dem dichten Eisenbahnverkehr auf der Furka-Oberalp-Bahnstrecke sind die meisten Gipfel &#8211; die Berge sind alle zwischen 2700 und 3000m hoch &#8211; angenehme Tagestouren.<\/span><\/span><\/span><\/p><p><span style=\"font-family: Times New Roman, serif;\"><span style=\"font-size: medium;\"><span style=\"font-family: Calibri, serif;\">Nach dem Fr\u00fchst\u00fcck in unserem &#8222;Kellerlokal&#8220; \u2013 wir hatten ein relativ preisg\u00fcnstiges Lager-Quartier, das aber leider im Keller eines Hauses fast ohne Tageslicht war \u2013 marschierten wir t\u00e4glich zum nahegelegenen Bahnhof. Der Zug zum Oberalppass f\u00e4hrt im Halbstundentakt und ist immer mit zahlreichen anderen Skitorengehern und Pistenskifahrern voll besetzt. Am Pass in 2048m H\u00f6he werden die Ski angeschnallt und die Skitourengeher marschieren in die verschiedenen Richtungen los. Trotz der vollen Z\u00fcge war aber auf keiner Tour &#8222;Massenbetrieb&#8220;. Wir waren oft sogar alleine unterwegs, auch von den Skiliften und Pisten war schon kurz nach Verlassen der Passh\u00f6he nichts mehr zu merken. Allerdings gab es nat\u00fcrlich fast keine unverspurten H\u00e4nge mehr.<\/span><\/span><\/span><\/p><p><span style=\"font-family: Times New Roman, serif;\"><span style=\"font-size: medium;\"><span style=\"font-family: Calibri, serif;\">Trotzdem waren viele Abfahrten ein Genuss, vor allem in der ersten Wochenh\u00e4lfte war es grimmig kalt und der Pulverschnee blieb erhalten. Dann wurde es etwas w\u00e4rmer und die Schneequalit\u00e4t nahm deutlich ab. Als Eingehtour am Sonntag-Nachmittag gingen wir vom Oberalppass auf den Pazolastock (2700m), von dem man 1300 H\u00f6henmeter Abfahrt direkt nach Andermatt hat.<\/span><\/span><\/span><\/p><p><span style=\"font-family: Times New Roman, serif;\"><span style=\"font-size: medium;\"><span style=\"font-family: Calibri, serif;\">Am Piz Giuv (3011m) zogen wir eine einsame Spur durch den steilen Gipfelhang. Am R\u00fcckweg kann man nach ein paar km &#8222;Langlaufen&#8220; \u00fcber den zugefrorenen Oberalpsee ebenfalls direkt nach Andermatt abfahren. Auch die Gipfelstation der Gemsstock-Seilbahn bietet einen herrlichen Ausgangspunkt f\u00fcr eine Skitour auf den Rotstock und den Piz Centrale (2999m) Wir haben gleich beide Gipfel am selben Tag nacheinander bestiegen und sind so auf insgesamt fast 2000 Abfahrtsh\u00f6henmeter bei nur 800 Aufstiegsh\u00f6henmetern gekommen.<\/span><\/span><\/span><\/p><p><span style=\"font-family: Times New Roman, serif;\"><span style=\"font-size: medium;\"><span style=\"font-family: Calibri, serif;\">Eine weitere tolle Gipfeltourenkombination vom Oberalppass aus sind Badus und Rossbodenstock, von dem man dann 1400 steile Abfahrtsh\u00f6henmeter nach Andermatt hat.<\/span><\/span><\/span><\/p><p><span style=\"font-family: Times New Roman, serif;\"><span style=\"font-size: medium;\"><span style=\"font-family: Calibri, serif;\">Dagegen ist die sehr beliebte Tourenabfahrt durch das Fellital nach Gurtnellen mit 1700 Abfahrtsh\u00f6henmetern &#8222;nur&#8220; landschaftlich sch\u00f6n. Denn ab der H\u00e4lfte &#8222;f\u00e4hrt&#8220; man auf einem Sommerwanderweg in dichtem Steilwald, unten geht es dann auf der Forststra\u00dfe und am Schluss steht man vor der Gotthard-Autobahn, wo wir erst nach l\u00e4ngerem die richtige Unterf\u00fchrung zur Busstation fanden.<\/span><\/span><\/span><\/p><p><span style=\"font-family: Times New Roman, serif;\"><span style=\"font-size: medium;\"><span style=\"font-family: Calibri, serif;\">Unsere l\u00e4ngste Tour war der Piz Lucendro (2965m). Hier hat man keinen so hoch gelegenen Ausgangspunkt sondern muss von Realp (1535m) aus losmarschieren. Oben machten wir den Fehler, den steilen Gipfelhang direkt hinauf zu spuren, anstatt auf der vorhandenen Spur &#8222;hintenherum&#8220; zu gehen. Im grundlos tiefen Pulverschnee brauchten wir vermutlich die dreifache Zeit. Von allen Gipfeln hat man eine Fernsicht \u00fcber ein unglaubliches Gipfelmeer, aus dem die gro\u00dfen Viertausender der Walliser und Berner Alpen herausragen. Fazit: So eine tolle Skitourenwoche gibt es wirklich, nur nicht sehr oft!<\/span><\/span><\/span><\/p>\t\t\t\t\t\t\t\t<\/div>\n\t\t\t\t<\/div>\n\t\t\t\t\t<\/div>\n\t\t<\/div>\n\t\t\t\t\t<\/div>\n\t\t<\/section>\n\t\t\t\t<\/div>\n\t\t","protected":false},"excerpt":{"rendered":"<p>Schitourenwoche in Andermatt, 15.-23.Februar 2003 Ein Bericht von Klaus Adler Eine ganze Woche lang strahlend blauer, wolkenloser Himmel und traumhafter Pulverschnee! Ideale Skitourenverh\u00e4ltnisse mit nur geringer Lawinengefahr. Das ist keine [&hellip;]<\/p>\n","protected":false},"author":1,"featured_media":0,"parent":0,"menu_order":0,"comment_status":"closed","ping_status":"closed","template":"","meta":{"ocean_post_layout":"","ocean_both_sidebars_style":"","ocean_both_sidebars_content_width":0,"ocean_both_sidebars_sidebars_width":0,"ocean_sidebar":"0","ocean_second_sidebar":"0","ocean_disable_margins":"enable","ocean_add_body_class":"","ocean_shortcode_before_top_bar":"","ocean_shortcode_after_top_bar":"","ocean_shortcode_before_header":"","ocean_shortcode_after_header":"","ocean_has_shortcode":"","ocean_shortcode_after_title":"","ocean_shortcode_before_footer_widgets":"","ocean_shortcode_after_footer_widgets":"","ocean_shortcode_before_footer_bottom":"","ocean_shortcode_after_footer_bottom":"","ocean_display_top_bar":"default","ocean_display_header":"default","ocean_header_style":"","ocean_center_header_left_menu":"0","ocean_custom_header_template":"0","ocean_custom_logo":0,"ocean_custom_retina_logo":0,"ocean_custom_logo_max_width":0,"ocean_custom_logo_tablet_max_width":0,"ocean_custom_logo_mobile_max_width":0,"ocean_custom_logo_max_height":0,"ocean_custom_logo_tablet_max_height":0,"ocean_custom_logo_mobile_max_height":0,"ocean_header_custom_menu":"0","ocean_menu_typo_font_family":"0","ocean_menu_typo_font_subset":"","ocean_menu_typo_font_size":0,"ocean_menu_typo_font_size_tablet":0,"ocean_menu_typo_font_size_mobile":0,"ocean_menu_typo_font_size_unit":"px","ocean_menu_typo_font_weight":"","ocean_menu_typo_font_weight_tablet":"","ocean_menu_typo_font_weight_mobile":"","ocean_menu_typo_transform":"","ocean_menu_typo_transform_tablet":"","ocean_menu_typo_transform_mobile":"","ocean_menu_typo_line_height":0,"ocean_menu_typo_line_height_tablet":0,"ocean_menu_typo_line_height_mobile":0,"ocean_menu_typo_line_height_unit":"","ocean_menu_typo_spacing":0,"ocean_menu_typo_spacing_tablet":0,"ocean_menu_typo_spacing_mobile":0,"ocean_menu_typo_spacing_unit":"","ocean_menu_link_color":"","ocean_menu_link_color_hover":"","ocean_menu_link_color_active":"","ocean_menu_link_background":"","ocean_menu_link_hover_background":"","ocean_menu_link_active_background":"","ocean_menu_social_links_bg":"","ocean_menu_social_hover_links_bg":"","ocean_menu_social_links_color":"","ocean_menu_social_hover_links_color":"","ocean_disable_title":"default","ocean_disable_heading":"default","ocean_post_title":"","ocean_post_subheading":"","ocean_post_title_style":"","ocean_post_title_background_color":"","ocean_post_title_background":0,"ocean_post_title_bg_image_position":"","ocean_post_title_bg_image_attachment":"","ocean_post_title_bg_image_repeat":"","ocean_post_title_bg_image_size":"","ocean_post_title_height":0,"ocean_post_title_bg_overlay":0.5,"ocean_post_title_bg_overlay_color":"","ocean_disable_breadcrumbs":"default","ocean_breadcrumbs_color":"","ocean_breadcrumbs_separator_color":"","ocean_breadcrumbs_links_color":"","ocean_breadcrumbs_links_hover_color":"","ocean_display_footer_widgets":"default","ocean_display_footer_bottom":"default","ocean_custom_footer_template":"0","footnotes":""},"class_list":["post-2643","page","type-page","status-publish","hentry","entry"],"_links":{"self":[{"href":"http:\/\/www.gebirgsverein-services.at\/bergsteigergruppe\/wp-json\/wp\/v2\/pages\/2643","targetHints":{"allow":["GET"]}}],"collection":[{"href":"http:\/\/www.gebirgsverein-services.at\/bergsteigergruppe\/wp-json\/wp\/v2\/pages"}],"about":[{"href":"http:\/\/www.gebirgsverein-services.at\/bergsteigergruppe\/wp-json\/wp\/v2\/types\/page"}],"author":[{"embeddable":true,"href":"http:\/\/www.gebirgsverein-services.at\/bergsteigergruppe\/wp-json\/wp\/v2\/users\/1"}],"replies":[{"embeddable":true,"href":"http:\/\/www.gebirgsverein-services.at\/bergsteigergruppe\/wp-json\/wp\/v2\/comments?post=2643"}],"version-history":[{"count":15,"href":"http:\/\/www.gebirgsverein-services.at\/bergsteigergruppe\/wp-json\/wp\/v2\/pages\/2643\/revisions"}],"predecessor-version":[{"id":2661,"href":"http:\/\/www.gebirgsverein-services.at\/bergsteigergruppe\/wp-json\/wp\/v2\/pages\/2643\/revisions\/2661"}],"wp:attachment":[{"href":"http:\/\/www.gebirgsverein-services.at\/bergsteigergruppe\/wp-json\/wp\/v2\/media?parent=2643"}],"curies":[{"name":"wp","href":"https:\/\/api.w.org\/{rel}","templated":true}]}}

<div data-elementor-type="wp-page" data-elementor-id="2643" class="elementor elementor-2643">
						<section class="elementor-section elementor-top-section elementor-element elementor-element-238ec61 elementor-section-boxed elementor-section-height-default elementor-section-height-default" data-id="238ec61" data-element_type="section" data-e-type="section">
						<div class="elementor-container elementor-column-gap-default">
					<div class="elementor-column elementor-col-100 elementor-top-column elementor-element elementor-element-c8eab2a" data-id="c8eab2a" data-element_type="column" data-e-type="column" data-settings="{&quot;background_background&quot;:&quot;classic&quot;}">
			<div class="elementor-widget-wrap elementor-element-populated">
						<div class="elementor-element elementor-element-56cbfff elementor-widget elementor-widget-text-editor" data-id="56cbfff" data-element_type="widget" data-e-type="widget" data-widget_type="text-editor.default">
				<div class="elementor-widget-container">
									<p>Schitourenwoche in Andermatt, 15.-23.Februar 2003</p>								</div>
				</div>
				<div class="elementor-element elementor-element-95a45c0 elementor-widget elementor-widget-text-editor" data-id="95a45c0" data-element_type="widget" data-e-type="widget" data-widget_type="text-editor.default">
				<div class="elementor-widget-container">
									<p>Ein Bericht von Klaus Adler</p>								</div>
				</div>
					</div>
		</div>
					</div>
		</section>
				<section class="elementor-section elementor-top-section elementor-element elementor-element-2dab78f elementor-section-boxed elementor-section-height-default elementor-section-height-default" data-id="2dab78f" data-element_type="section" data-e-type="section">
						<div class="elementor-container elementor-column-gap-default">
					<div class="elementor-column elementor-col-100 elementor-top-column elementor-element elementor-element-146d2b1" data-id="146d2b1" data-element_type="column" data-e-type="column" data-settings="{&quot;background_background&quot;:&quot;classic&quot;}">
			<div class="elementor-widget-wrap elementor-element-populated">
						<div class="elementor-element elementor-element-ba59d27 elementor-widget elementor-widget-text-editor" data-id="ba59d27" data-element_type="widget" data-e-type="widget" data-widget_type="text-editor.default">
				<div class="elementor-widget-container">
									<p><span style="font-family: Times New Roman, serif;"><span style="font-size: medium;"><span style="font-family: Calibri, serif;">Eine ganze Woche lang strahlend blauer, wolkenloser Himmel und traumhafter Pulverschnee! Ideale Skitourenverhältnisse mit nur geringer Lawinengefahr. Das ist keine Wunschvorstellung beim Anblick des Sonnenscheins durch das Bürofenster, sondern war letzte Woche wirklich so – in Andermatt, in der Zentralschweiz, zwischen Gotthard-, Furka- und Oberalp-Pass. Das Bergdorf in 1440m Hohe liegt wirklich ideal und bietet unzählige Tourenmöglichkeiten. Mit dem dichten Eisenbahnverkehr auf der Furka-Oberalp-Bahnstrecke sind die meisten Gipfel &#8211; die Berge sind alle zwischen 2700 und 3000m hoch &#8211; angenehme Tagestouren.</span></span></span></p><p><span style="font-family: Times New Roman, serif;"><span style="font-size: medium;"><span style="font-family: Calibri, serif;">Nach dem Frühstück in unserem &#8222;Kellerlokal&#8220; – wir hatten ein relativ preisgünstiges Lager-Quartier, das aber leider im Keller eines Hauses fast ohne Tageslicht war – marschierten wir täglich zum nahegelegenen Bahnhof. Der Zug zum Oberalppass fährt im Halbstundentakt und ist immer mit zahlreichen anderen Skitorengehern und Pistenskifahrern voll besetzt. Am Pass in 2048m Höhe werden die Ski angeschnallt und die Skitourengeher marschieren in die verschiedenen Richtungen los. Trotz der vollen Züge war aber auf keiner Tour &#8222;Massenbetrieb&#8220;. Wir waren oft sogar alleine unterwegs, auch von den Skiliften und Pisten war schon kurz nach Verlassen der Passhöhe nichts mehr zu merken. Allerdings gab es natürlich fast keine unverspurten Hänge mehr.</span></span></span></p><p><span style="font-family: Times New Roman, serif;"><span style="font-size: medium;"><span style="font-family: Calibri, serif;">Trotzdem waren viele Abfahrten ein Genuss, vor allem in der ersten Wochenhälfte war es grimmig kalt und der Pulverschnee blieb erhalten. Dann wurde es etwas wärmer und die Schneequalität nahm deutlich ab. Als Eingehtour am Sonntag-Nachmittag gingen wir vom Oberalppass auf den Pazolastock (2700m), von dem man 1300 Höhenmeter Abfahrt direkt nach Andermatt hat.</span></span></span></p><p><span style="font-family: Times New Roman, serif;"><span style="font-size: medium;"><span style="font-family: Calibri, serif;">Am Piz Giuv (3011m) zogen wir eine einsame Spur durch den steilen Gipfelhang. Am Rückweg kann man nach ein paar km &#8222;Langlaufen&#8220; über den zugefrorenen Oberalpsee ebenfalls direkt nach Andermatt abfahren. Auch die Gipfelstation der Gemsstock-Seilbahn bietet einen herrlichen Ausgangspunkt für eine Skitour auf den Rotstock und den Piz Centrale (2999m) Wir haben gleich beide Gipfel am selben Tag nacheinander bestiegen und sind so auf insgesamt fast 2000 Abfahrtshöhenmeter bei nur 800 Aufstiegshöhenmetern gekommen.</span></span></span></p><p><span style="font-family: Times New Roman, serif;"><span style="font-size: medium;"><span style="font-family: Calibri, serif;">Eine weitere tolle Gipfeltourenkombination vom Oberalppass aus sind Badus und Rossbodenstock, von dem man dann 1400 steile Abfahrtshöhenmeter nach Andermatt hat.</span></span></span></p><p><span style="font-family: Times New Roman, serif;"><span style="font-size: medium;"><span style="font-family: Calibri, serif;">Dagegen ist die sehr beliebte Tourenabfahrt durch das Fellital nach Gurtnellen mit 1700 Abfahrtshöhenmetern &#8222;nur&#8220; landschaftlich schön. Denn ab der Hälfte &#8222;fährt&#8220; man auf einem Sommerwanderweg in dichtem Steilwald, unten geht es dann auf der Forststraße und am Schluss steht man vor der Gotthard-Autobahn, wo wir erst nach längerem die richtige Unterführung zur Busstation fanden.</span></span></span></p><p><span style="font-family: Times New Roman, serif;"><span style="font-size: medium;"><span style="font-family: Calibri, serif;">Unsere längste Tour war der Piz Lucendro (2965m). Hier hat man keinen so hoch gelegenen Ausgangspunkt sondern muss von Realp (1535m) aus losmarschieren. Oben machten wir den Fehler, den steilen Gipfelhang direkt hinauf zu spuren, anstatt auf der vorhandenen Spur &#8222;hintenherum&#8220; zu gehen. Im grundlos tiefen Pulverschnee brauchten wir vermutlich die dreifache Zeit. Von allen Gipfeln hat man eine Fernsicht über ein unglaubliches Gipfelmeer, aus dem die großen Viertausender der Walliser und Berner Alpen herausragen. Fazit: So eine tolle Skitourenwoche gibt es wirklich, nur nicht sehr oft!</span></span></span></p>								</div>
				</div>
					</div>
		</div>
					</div>
		</section>
				</div>

<p>Schitourenwoche in Andermatt, 15.-23.Februar 2003 Ein Bericht von Klaus Adler Eine ganze Woche lang strahlend blauer, wolkenloser Himmel und traumhafter Pulverschnee! Ideale Skitourenverhältnisse mit nur geringer Lawinengefahr. Das ist keine [&hellip;]</p>
